{"id":2751,"date":"2017-10-23T23:37:16","date_gmt":"2017-10-23T21:37:16","guid":{"rendered":"http:\/\/www.anjela.org\/oberenn\/?page_id=2751"},"modified":"2025-08-13T15:22:47","modified_gmt":"2025-08-13T13:22:47","slug":"e-traon-an-dour-anjela-e-kav-pep-hini-e-damm-bara-riwanon-kervella","status":"publish","type":"page","link":"https:\/\/www.anjela.org\/oberenn\/bz\/e-traon-an-dour-anjela-e-kav-pep-hini-e-damm-bara-riwanon-kervella\/","title":{"rendered":"E Trao\u00f1-an-Dour Anjela e kav pep hini e damm bara &#8211; Riwanon Kervella"},"content":{"rendered":"<p style=\"text-align: justify;\">Ar joanig gof ruz zo o neizha\u00f1 tost d&rsquo;ar wazh, gwech pintet war ar spern gwenn a-dal d&rsquo;ar c&rsquo;hrao\u00f9, gwech all o kana\u00f1 war ar c&rsquo;harr-bout lezet da vreina\u00f1 e-kichen ar bern keuneud, a ra kofado\u00f9 gant ar bruzunajo\u00f9 skubet war-lerc&rsquo;h tremenidi niverus an deiz.<\/p>\n<p style=\"text-align: justify;\">Evit an evned all, &lsquo;vez un ta\u00f1va deus ar mouar \u2014 n&rsquo;eo ket an drez a vank war kleuzio\u00f9 stank ar menaj \u2014, an had deus al lann gallek a glever o strakal gant an tommder kenta\u00f1 a ya gante laouen, hag ivez c&rsquo;hoazh o lod deus ar rezin du ha put a darev bep bloaz er winienn harp ouzh an ti, en e wella\u00f1 goude ar rev kenta\u00f1.<\/p>\n<p style=\"text-align: justify;\">Evit pri\u00f1sed niverus ar rouantelezh vihan, Stur, Fousou, Fionn, Triskell,&nbsp; Saded&nbsp; ha re all c&rsquo;hoazh ankounac&rsquo;haet ganin o anvio\u00f9 brema\u00f1, bara sec&rsquo;h trempet el laezh, restacho\u00f9 soubenn hag eskern da lipat ha\u2026 karantez \u2014 e-leizh \u2014 a-berzh Itron an Domani. Evit he zrugarekaat ur sotelamouto\u00f1 bennak hag un todion har- zhadenno\u00f9 pa erru gweladennerien.<\/p>\n<p style=\"text-align: justify;\">Peuri\u00f1 en disheol hag er gwasked evit ar saout laezh hag an annoarezed, ama\u00f1 e kresk uhel ha niverus ar gwez kistin, faou, onn, derv, skav hag ivez ar gwez krao\u00f1 hag avalo\u00f9 bet imboudet war ar c&rsquo;hleuzio\u00f9.<\/p>\n<p style=\"text-align: justify;\">Evit ar gazeg Sibel, skoazellerez feal al labourerez-douar, foenn ha kerc&rsquo;h ha kaozio\u00f9 flour war-lerc&rsquo;h un devezhiad labour tenn.<\/p>\n<p style=\"text-align: justify;\">Evit Chouchenn ha Ledaw e chom al logod a dicha\u00f1sfe dezhe tostaat re ouzh ar greun malet, an avalo\u00f9-douar pe ar paper berniet er c&rsquo;hrignol.<\/p>\n<p style=\"text-align: justify;\">En eskemm d&rsquo;un tamm skoazell &lsquo;kerzh labourio\u00f9 kalet an ha\u00f1v, ar foenn, an eost pe ar potaj, e kav ama\u00f1 studierien, kane- rien, tud lemm o fluenn bod ha boued speredel ; ur yezh yac&rsquo;h ha pinvidik, fent ha kizidigezh, sioulder ar maezio\u00f9 ha dreist-holl ar glaouiadenno\u00f9 a gennerzh neb a stourm.<\/p>\n<p style=\"text-align: justify;\">Digor an nor ivez d&rsquo;an hini a glask tapout krog e kudenno\u00f9 an divroa\u00f1, an endro, adsav ar sevenadur. Un ta\u00f1va o deus deus dour an eienn ; ma kasont gante al louzo\u00f9 d&rsquo;ar g\u00ear, ar pare, siwazh, n&rsquo;eo ket asur bepred.<\/p>\n<p style=\"text-align: justify;\">Eus Trao\u00f1-an-Dour ez a alies e sac&rsquo;h paotr al lizhero\u00f9, pennado\u00f9, barzhone- go\u00f9, kaierado\u00f9 eus an druilh. Maget mat ha brav &lsquo;vez <em>Barr-Heol, Ar Bed Keltiek, Al Liamm <\/em>ha nouspet hini all gant skrido\u00f9 tapet c&rsquo;hwek ha lakaet war baper diwez- hat diouzh an noz, war amzer laeret d&rsquo;ar c&rsquo;housk.<\/p>\n<p style=\"text-align: justify;\">Da Drao\u00f1-an-Dour e teu alies kazeten- nerien, skingomzo\u00f9 ha skinwelio\u00f9 a bep seurt bro, a bep seurt yezh, dastumerien gerio\u00f9, tennerien poltridi, betek saverien o fri : keit ha ma ya ar vilin en-dro, kram- pouezh a vez evit lod zo ! Mamm-gozh frealzus ha karantezus evit ar re yaouank sparlet&nbsp; du-hont&nbsp; er&nbsp; g\u00ear&nbsp; vras&nbsp; en&nbsp; ur vro&nbsp;estren, evelti e kasont war-raok stourm ar frankiz, dibleg. E penn an torgoso\u00f9, Anjela, e c&rsquo;heller gwelet a-wecho\u00f9 bran- ko\u00f9 ha skourro\u00f9 yac&rsquo;h. Dichonkadenno\u00f9 Trao\u00f1-an-Dour o deus kresket fonnus e meur a liorzh ti tud ho pro, a drugarez deoc&rsquo;h.<\/p>\n<p>Ha\u00f1v 1999<\/p>\n","protected":false},"excerpt":{"rendered":"<p>Ar joanig gof ruz zo o neizha\u00f1 tost d&rsquo;ar wazh, gwech pintet war ar spern gwenn a-dal d&rsquo;ar c&rsquo;hrao\u00f9, gwech all o [&hellip;]<\/p>\n","protected":false},"author":1,"featured_media":0,"parent":0,"menu_order":0,"comment_status":"closed","ping_status":"closed","template":"","meta":{"_acf_changed":false,"ngg_post_thumbnail":0,"footnotes":""},"class_list":["post-2751","page","type-page","status-publish","hentry"],"acf":[],"yoast_head":"<!-- This site is optimized with the Yoast SEO plugin v27.5 - https:\/\/yoast.com\/product\/yoast-seo-wordpress\/ -->\n<title>E Trao\u00f1-an-Dour Anjela e kav pep hini e damm bara - Riwanon Kervella - Anjela Duval<\/title>\n<meta name=\"robots\" content=\"index, follow, max-snippet:-1, max-image-preview:large, max-video-preview:-1\" \/>\n<link rel=\"canonical\" href=\"https:\/\/www.anjela.org\/oberenn\/bz\/e-traon-an-dour-anjela-e-kav-pep-hini-e-damm-bara-riwanon-kervella\/\" \/>\n<meta property=\"og:locale\" content=\"fr_FR\" \/>\n<meta property=\"og:type\" content=\"article\" \/>\n<meta property=\"og:title\" content=\"E Trao\u00f1-an-Dour Anjela e kav pep hini e damm bara - Riwanon Kervella - Anjela Duval\" \/>\n<meta property=\"og:description\" content=\"Ar joanig gof ruz zo o neizha\u00f1 tost d&rsquo;ar wazh, gwech pintet war ar spern gwenn a-dal d&rsquo;ar c&rsquo;hrao\u00f9, gwech all o [&hellip;]\" \/>\n<meta property=\"og:url\" content=\"https:\/\/www.anjela.org\/oberenn\/bz\/e-traon-an-dour-anjela-e-kav-pep-hini-e-damm-bara-riwanon-kervella\/\" \/>\n<meta property=\"og:site_name\" content=\"Anjela Duval\" \/>\n<meta property=\"article:modified_time\" content=\"2025-08-13T13:22:47+00:00\" \/>\n<meta name=\"twitter:card\" content=\"summary_large_image\" \/>\n<meta name=\"twitter:label1\" content=\"Dur\u00e9e de lecture estim\u00e9e\" \/>\n\t<meta name=\"twitter:data1\" content=\"3 minutes\" \/>\n<script type=\"application\/ld+json\" class=\"yoast-schema-graph\">{\"@context\":\"https:\\\/\\\/schema.org\",\"@graph\":[{\"@type\":\"WebPage\",\"@id\":\"https:\\\/\\\/www.anjela.org\\\/oberenn\\\/bz\\\/e-traon-an-dour-anjela-e-kav-pep-hini-e-damm-bara-riwanon-kervella\\\/\",\"url\":\"https:\\\/\\\/www.anjela.org\\\/oberenn\\\/bz\\\/e-traon-an-dour-anjela-e-kav-pep-hini-e-damm-bara-riwanon-kervella\\\/\",\"name\":\"E Trao\u00f1-an-Dour Anjela e kav pep hini e damm bara - Riwanon Kervella - Anjela Duval\",\"isPartOf\":{\"@id\":\"https:\\\/\\\/www.anjela.org\\\/oberenn\\\/#website\"},\"datePublished\":\"2017-10-23T21:37:16+00:00\",\"dateModified\":\"2025-08-13T13:22:47+00:00\",\"breadcrumb\":{\"@id\":\"https:\\\/\\\/www.anjela.org\\\/oberenn\\\/bz\\\/e-traon-an-dour-anjela-e-kav-pep-hini-e-damm-bara-riwanon-kervella\\\/#breadcrumb\"},\"inLanguage\":\"fr-FR\",\"potentialAction\":[{\"@type\":\"ReadAction\",\"target\":[\"https:\\\/\\\/www.anjela.org\\\/oberenn\\\/bz\\\/e-traon-an-dour-anjela-e-kav-pep-hini-e-damm-bara-riwanon-kervella\\\/\"]}]},{\"@type\":\"BreadcrumbList\",\"@id\":\"https:\\\/\\\/www.anjela.org\\\/oberenn\\\/bz\\\/e-traon-an-dour-anjela-e-kav-pep-hini-e-damm-bara-riwanon-kervella\\\/#breadcrumb\",\"itemListElement\":[{\"@type\":\"ListItem\",\"position\":1,\"name\":\"Accueil\",\"item\":\"https:\\\/\\\/www.anjela.org\\\/oberenn\\\/\"},{\"@type\":\"ListItem\",\"position\":2,\"name\":\"E Trao\u00f1-an-Dour Anjela e kav pep hini e damm bara &#8211; Riwanon Kervella\"}]},{\"@type\":\"WebSite\",\"@id\":\"https:\\\/\\\/www.anjela.org\\\/oberenn\\\/#website\",\"url\":\"https:\\\/\\\/www.anjela.org\\\/oberenn\\\/\",\"name\":\"Anjela Duval\",\"description\":\"\",\"publisher\":{\"@id\":\"https:\\\/\\\/www.anjela.org\\\/oberenn\\\/#organization\"},\"potentialAction\":[{\"@type\":\"SearchAction\",\"target\":{\"@type\":\"EntryPoint\",\"urlTemplate\":\"https:\\\/\\\/www.anjela.org\\\/oberenn\\\/?s={search_term_string}\"},\"query-input\":{\"@type\":\"PropertyValueSpecification\",\"valueRequired\":true,\"valueName\":\"search_term_string\"}}],\"inLanguage\":\"fr-FR\"},{\"@type\":\"Organization\",\"@id\":\"https:\\\/\\\/www.anjela.org\\\/oberenn\\\/#organization\",\"name\":\"Mignoned Anjela\",\"url\":\"https:\\\/\\\/www.anjela.org\\\/oberenn\\\/\",\"logo\":{\"@type\":\"ImageObject\",\"inLanguage\":\"fr-FR\",\"@id\":\"https:\\\/\\\/www.anjela.org\\\/oberenn\\\/#\\\/schema\\\/logo\\\/image\\\/\",\"url\":\"https:\\\/\\\/www.anjela.org\\\/oberenn\\\/wp-content\\\/uploads\\\/2019\\\/11\\\/logo-mignoned-angela.png\",\"contentUrl\":\"https:\\\/\\\/www.anjela.org\\\/oberenn\\\/wp-content\\\/uploads\\\/2019\\\/11\\\/logo-mignoned-angela.png\",\"width\":248,\"height\":147,\"caption\":\"Mignoned Anjela\"},\"image\":{\"@id\":\"https:\\\/\\\/www.anjela.org\\\/oberenn\\\/#\\\/schema\\\/logo\\\/image\\\/\"}}]}<\/script>\n<!-- \/ Yoast SEO plugin. -->","yoast_head_json":{"title":"E Trao\u00f1-an-Dour Anjela e kav pep hini e damm bara - Riwanon Kervella - Anjela Duval","robots":{"index":"index","follow":"follow","max-snippet":"max-snippet:-1","max-image-preview":"max-image-preview:large","max-video-preview":"max-video-preview:-1"},"canonical":"https:\/\/www.anjela.org\/oberenn\/bz\/e-traon-an-dour-anjela-e-kav-pep-hini-e-damm-bara-riwanon-kervella\/","og_locale":"fr_FR","og_type":"article","og_title":"E Trao\u00f1-an-Dour Anjela e kav pep hini e damm bara - Riwanon Kervella - Anjela Duval","og_description":"Ar joanig gof ruz zo o neizha\u00f1 tost d&rsquo;ar wazh, gwech pintet war ar spern gwenn a-dal d&rsquo;ar c&rsquo;hrao\u00f9, gwech all o [&hellip;]","og_url":"https:\/\/www.anjela.org\/oberenn\/bz\/e-traon-an-dour-anjela-e-kav-pep-hini-e-damm-bara-riwanon-kervella\/","og_site_name":"Anjela Duval","article_modified_time":"2025-08-13T13:22:47+00:00","twitter_card":"summary_large_image","twitter_misc":{"Dur\u00e9e de lecture estim\u00e9e":"3 minutes"},"schema":{"@context":"https:\/\/schema.org","@graph":[{"@type":"WebPage","@id":"https:\/\/www.anjela.org\/oberenn\/bz\/e-traon-an-dour-anjela-e-kav-pep-hini-e-damm-bara-riwanon-kervella\/","url":"https:\/\/www.anjela.org\/oberenn\/bz\/e-traon-an-dour-anjela-e-kav-pep-hini-e-damm-bara-riwanon-kervella\/","name":"E Trao\u00f1-an-Dour Anjela e kav pep hini e damm bara - Riwanon Kervella - Anjela Duval","isPartOf":{"@id":"https:\/\/www.anjela.org\/oberenn\/#website"},"datePublished":"2017-10-23T21:37:16+00:00","dateModified":"2025-08-13T13:22:47+00:00","breadcrumb":{"@id":"https:\/\/www.anjela.org\/oberenn\/bz\/e-traon-an-dour-anjela-e-kav-pep-hini-e-damm-bara-riwanon-kervella\/#breadcrumb"},"inLanguage":"fr-FR","potentialAction":[{"@type":"ReadAction","target":["https:\/\/www.anjela.org\/oberenn\/bz\/e-traon-an-dour-anjela-e-kav-pep-hini-e-damm-bara-riwanon-kervella\/"]}]},{"@type":"BreadcrumbList","@id":"https:\/\/www.anjela.org\/oberenn\/bz\/e-traon-an-dour-anjela-e-kav-pep-hini-e-damm-bara-riwanon-kervella\/#breadcrumb","itemListElement":[{"@type":"ListItem","position":1,"name":"Accueil","item":"https:\/\/www.anjela.org\/oberenn\/"},{"@type":"ListItem","position":2,"name":"E Trao\u00f1-an-Dour Anjela e kav pep hini e damm bara &#8211; Riwanon Kervella"}]},{"@type":"WebSite","@id":"https:\/\/www.anjela.org\/oberenn\/#website","url":"https:\/\/www.anjela.org\/oberenn\/","name":"Anjela Duval","description":"","publisher":{"@id":"https:\/\/www.anjela.org\/oberenn\/#organization"},"potentialAction":[{"@type":"SearchAction","target":{"@type":"EntryPoint","urlTemplate":"https:\/\/www.anjela.org\/oberenn\/?s={search_term_string}"},"query-input":{"@type":"PropertyValueSpecification","valueRequired":true,"valueName":"search_term_string"}}],"inLanguage":"fr-FR"},{"@type":"Organization","@id":"https:\/\/www.anjela.org\/oberenn\/#organization","name":"Mignoned Anjela","url":"https:\/\/www.anjela.org\/oberenn\/","logo":{"@type":"ImageObject","inLanguage":"fr-FR","@id":"https:\/\/www.anjela.org\/oberenn\/#\/schema\/logo\/image\/","url":"https:\/\/www.anjela.org\/oberenn\/wp-content\/uploads\/2019\/11\/logo-mignoned-angela.png","contentUrl":"https:\/\/www.anjela.org\/oberenn\/wp-content\/uploads\/2019\/11\/logo-mignoned-angela.png","width":248,"height":147,"caption":"Mignoned Anjela"},"image":{"@id":"https:\/\/www.anjela.org\/oberenn\/#\/schema\/logo\/image\/"}}]}},"_links":{"self":[{"href":"https:\/\/www.anjela.org\/oberenn\/wp-json\/wp\/v2\/pages\/2751","targetHints":{"allow":["GET"]}}],"collection":[{"href":"https:\/\/www.anjela.org\/oberenn\/wp-json\/wp\/v2\/pages"}],"about":[{"href":"https:\/\/www.anjela.org\/oberenn\/wp-json\/wp\/v2\/types\/page"}],"author":[{"embeddable":true,"href":"https:\/\/www.anjela.org\/oberenn\/wp-json\/wp\/v2\/users\/1"}],"replies":[{"embeddable":true,"href":"https:\/\/www.anjela.org\/oberenn\/wp-json\/wp\/v2\/comments?post=2751"}],"version-history":[{"count":0,"href":"https:\/\/www.anjela.org\/oberenn\/wp-json\/wp\/v2\/pages\/2751\/revisions"}],"wp:attachment":[{"href":"https:\/\/www.anjela.org\/oberenn\/wp-json\/wp\/v2\/media?parent=2751"}],"curies":[{"name":"wp","href":"https:\/\/api.w.org\/{rel}","templated":true}]}}

E Traoñ-an-Dour Anjela e kav pep hini e damm bara &#8211; Riwanon Kervella

<p style="text-align: justify;">Ar joanig gof ruz zo o neizhañ tost d&rsquo;ar wazh, gwech pintet war ar spern gwenn a-dal d&rsquo;ar c&rsquo;hraoù, gwech all o kanañ war ar c&rsquo;harr-bout lezet da vreinañ e-kichen ar bern keuneud, a ra kofadoù gant ar bruzunajoù skubet war-lerc&rsquo;h tremenidi niverus an deiz.</p>
<p style="text-align: justify;">Evit an evned all, &lsquo;vez un tañva deus ar mouar — n&rsquo;eo ket an drez a vank war kleuzioù stank ar menaj —, an had deus al lann gallek a glever o strakal gant an tommder kentañ a ya gante laouen, hag ivez c&rsquo;hoazh o lod deus ar rezin du ha put a darev bep bloaz er winienn harp ouzh an ti, en e wellañ goude ar rev kentañ.</p>
<p style="text-align: justify;">Evit priñsed niverus ar rouantelezh vihan, Stur, Fousou, Fionn, Triskell,&nbsp; Saded&nbsp; ha re all c&rsquo;hoazh ankounac&rsquo;haet ganin o anvioù bremañ, bara sec&rsquo;h trempet el laezh, restachoù soubenn hag eskern da lipat ha… karantez — e-leizh — a-berzh Itron an Domani. Evit he zrugarekaat ur sotelamoutoñ bennak hag un todion har- zhadennoù pa erru gweladennerien.</p>
<p style="text-align: justify;">Peuriñ en disheol hag er gwasked evit ar saout laezh hag an annoarezed, amañ e kresk uhel ha niverus ar gwez kistin, faou, onn, derv, skav hag ivez ar gwez kraoñ hag avaloù bet imboudet war ar c&rsquo;hleuzioù.</p>
<p style="text-align: justify;">Evit ar gazeg Sibel, skoazellerez feal al labourerez-douar, foenn ha kerc&rsquo;h ha kaozioù flour war-lerc&rsquo;h un devezhiad labour tenn.</p>
<p style="text-align: justify;">Evit Chouchenn ha Ledaw e chom al logod a dichañsfe dezhe tostaat re ouzh ar greun malet, an avaloù-douar pe ar paper berniet er c&rsquo;hrignol.</p>
<p style="text-align: justify;">En eskemm d&rsquo;un tamm skoazell &lsquo;kerzh labourioù kalet an hañv, ar foenn, an eost pe ar potaj, e kav amañ studierien, kane- rien, tud lemm o fluenn bod ha boued speredel ; ur yezh yac&rsquo;h ha pinvidik, fent ha kizidigezh, sioulder ar maezioù ha dreist-holl ar glaouiadennoù a gennerzh neb a stourm.</p>
<p style="text-align: justify;">Digor an nor ivez d&rsquo;an hini a glask tapout krog e kudennoù an divroañ, an endro, adsav ar sevenadur. Un tañva o deus deus dour an eienn ; ma kasont gante al louzoù d&rsquo;ar gêr, ar pare, siwazh, n&rsquo;eo ket asur bepred.</p>
<p style="text-align: justify;">Eus Traoñ-an-Dour ez a alies e sac&rsquo;h paotr al lizheroù, pennadoù, barzhone- goù, kaieradoù eus an druilh. Maget mat ha brav &lsquo;vez <em>Barr-Heol, Ar Bed Keltiek, Al Liamm </em>ha nouspet hini all gant skridoù tapet c&rsquo;hwek ha lakaet war baper diwez- hat diouzh an noz, war amzer laeret d&rsquo;ar c&rsquo;housk.</p>
<p style="text-align: justify;">Da Draoñ-an-Dour e teu alies kazeten- nerien, skingomzoù ha skinwelioù a bep seurt bro, a bep seurt yezh, dastumerien gerioù, tennerien poltridi, betek saverien o fri : keit ha ma ya ar vilin en-dro, kram- pouezh a vez evit lod zo ! Mamm-gozh frealzus ha karantezus evit ar re yaouank sparlet&nbsp; du-hont&nbsp; er&nbsp; gêr&nbsp; vras&nbsp; en&nbsp; ur vro&nbsp;estren, evelti e kasont war-raok stourm ar frankiz, dibleg. E penn an torgosoù, Anjela, e c&rsquo;heller gwelet a-wechoù bran- koù ha skourroù yac&rsquo;h. Dichonkadennoù Traoñ-an-Dour o deus kresket fonnus e meur a liorzh ti tud ho pro, a drugarez deoc&rsquo;h.</p>
<p>Hañv 1999</p>

<p>Ar joanig gof ruz zo o neizhañ tost d&rsquo;ar wazh, gwech pintet war ar spern gwenn a-dal d&rsquo;ar c&rsquo;hraoù, gwech all o [&hellip;]</p>

<!-- This site is optimized with the Yoast SEO plugin v27.5 - https://yoast.com/product/yoast-seo-wordpress/ -->
<title>E Traoñ-an-Dour Anjela e kav pep hini e damm bara - Riwanon Kervella - Anjela Duval</title>
<meta name="robots" content="index, follow, max-snippet:-1, max-image-preview:large, max-video-preview:-1" />
<link rel="canonical" href="https://www.anjela.org/oberenn/bz/e-traon-an-dour-anjela-e-kav-pep-hini-e-damm-bara-riwanon-kervella/" />
<meta property="og:locale" content="fr_FR" />
<meta property="og:type" content="article" />
<meta property="og:title" content="E Traoñ-an-Dour Anjela e kav pep hini e damm bara - Riwanon Kervella - Anjela Duval" />
<meta property="og:description" content="Ar joanig gof ruz zo o neizhañ tost d&rsquo;ar wazh, gwech pintet war ar spern gwenn a-dal d&rsquo;ar c&rsquo;hraoù, gwech all o [&hellip;]" />
<meta property="og:url" content="https://www.anjela.org/oberenn/bz/e-traon-an-dour-anjela-e-kav-pep-hini-e-damm-bara-riwanon-kervella/" />
<meta property="og:site_name" content="Anjela Duval" />
<meta property="article:modified_time" content="2025-08-13T13:22:47+00:00" />
<meta name="twitter:card" content="summary_large_image" />
<meta name="twitter:label1" content="Durée de lecture estimée" />
	<meta name="twitter:data1" content="3 minutes" />
<script type="application/ld+json" class="yoast-schema-graph">{"@context":"https:\/\/schema.org","@graph":[{"@type":"WebPage","@id":"https:\/\/www.anjela.org\/oberenn\/bz\/e-traon-an-dour-anjela-e-kav-pep-hini-e-damm-bara-riwanon-kervella\/","url":"https:\/\/www.anjela.org\/oberenn\/bz\/e-traon-an-dour-anjela-e-kav-pep-hini-e-damm-bara-riwanon-kervella\/","name":"E Traoñ-an-Dour Anjela e kav pep hini e damm bara - Riwanon Kervella - Anjela Duval","isPartOf":{"@id":"https:\/\/www.anjela.org\/oberenn\/#website"},"datePublished":"2017-10-23T21:37:16+00:00","dateModified":"2025-08-13T13:22:47+00:00","breadcrumb":{"@id":"https:\/\/www.anjela.org\/oberenn\/bz\/e-traon-an-dour-anjela-e-kav-pep-hini-e-damm-bara-riwanon-kervella\/#breadcrumb"},"inLanguage":"fr-FR","potentialAction":[{"@type":"ReadAction","target":["https:\/\/www.anjela.org\/oberenn\/bz\/e-traon-an-dour-anjela-e-kav-pep-hini-e-damm-bara-riwanon-kervella\/"]}]},{"@type":"BreadcrumbList","@id":"https:\/\/www.anjela.org\/oberenn\/bz\/e-traon-an-dour-anjela-e-kav-pep-hini-e-damm-bara-riwanon-kervella\/#breadcrumb","itemListElement":[{"@type":"ListItem","position":1,"name":"Accueil","item":"https:\/\/www.anjela.org\/oberenn\/"},{"@type":"ListItem","position":2,"name":"E Traoñ-an-Dour Anjela e kav pep hini e damm bara &#8211; Riwanon Kervella"}]},{"@type":"WebSite","@id":"https:\/\/www.anjela.org\/oberenn\/#website","url":"https:\/\/www.anjela.org\/oberenn\/","name":"Anjela Duval","description":"","publisher":{"@id":"https:\/\/www.anjela.org\/oberenn\/#organization"},"potentialAction":[{"@type":"SearchAction","target":{"@type":"EntryPoint","urlTemplate":"https:\/\/www.anjela.org\/oberenn\/?s={search_term_string}"},"query-input":{"@type":"PropertyValueSpecification","valueRequired":true,"valueName":"search_term_string"}}],"inLanguage":"fr-FR"},{"@type":"Organization","@id":"https:\/\/www.anjela.org\/oberenn\/#organization","name":"Mignoned Anjela","url":"https:\/\/www.anjela.org\/oberenn\/","logo":{"@type":"ImageObject","inLanguage":"fr-FR","@id":"https:\/\/www.anjela.org\/oberenn\/#\/schema\/logo\/image\/","url":"https:\/\/www.anjela.org\/oberenn\/wp-content\/uploads\/2019\/11\/logo-mignoned-angela.png","contentUrl":"https:\/\/www.anjela.org\/oberenn\/wp-content\/uploads\/2019\/11\/logo-mignoned-angela.png","width":248,"height":147,"caption":"Mignoned Anjela"},"image":{"@id":"https:\/\/www.anjela.org\/oberenn\/#\/schema\/logo\/image\/"}}]}</script>
<!-- / Yoast SEO plugin. -->

E Traoñ-an-Dour Anjela e kav pep hini e damm bara - Riwanon Kervella - Anjela Duval

Ar joanig gof ruz zo o neizhañ tost d&rsquo;ar wazh, gwech pintet war ar spern gwenn a-dal d&rsquo;ar c&rsquo;hraoù, gwech all o [&hellip;]
