{"id":2472,"date":"2017-10-15T22:37:33","date_gmt":"2017-10-15T20:37:33","guid":{"rendered":"http:\/\/www.anjela.org\/oberenn\/?page_id=2472"},"modified":"2025-08-13T15:23:03","modified_gmt":"2025-08-13T13:23:03","slug":"gouel-an-hollsent","status":"publish","type":"page","link":"https:\/\/www.anjela.org\/oberenn\/bz\/gouel-an-hollsent\/","title":{"rendered":"Gouel an Hollsent"},"content":{"rendered":"<p><em>Lizher da S<\/em><em>ez <\/em><em>Raymondine e Baradoz e strollad ar sentezed (spi am eus)<\/em><\/p>\n<p>M\u00e8re Raymondine doujet ha karet,<\/p>\n<p>Setu daou vloaz warn-ugent abaoe am boa ho kwelet evit ar wech diwezha\u00f1 war an douar-ma\u00f1.<\/p>\n<p>Derc&rsquo;hent Gouel an Hollsent &lsquo;oa p&rsquo;am boa klevet ar c&rsquo;helo\u00f9. Fromet &lsquo;oan bet gant ar glaz o son e Tregrom hag ur raksant am boa rak ma ouien &lsquo;oac&rsquo;h gwall gla\u00f1v. Na kaer ho tremm en ho chapel wenn. Ho taouarn juntret war ho chapeled hag etre ho taou vizmeud testenn ho Kouestlo\u00f9. Ar gouestlo\u00f9-se hag ho poa sevenet gant feal- ded e-pad ho puhez.<\/p>\n<p>Gwasket &lsquo;oa va c&rsquo;halon, mamm vat, &lsquo;oa ken nemet bloaz am boa kollet va mamm hervez ar gwad. Ha setu me neuze emzivadez div wech.<\/p>\n<p>Ya, bez&rsquo; oc&rsquo;h bet ur vamm, ur gwir vamm evit ho skolidi. Ur vamm evezhiek hag emro\u00fcs. Doue hepken a oar al levezon hoc&rsquo;h eus bet war barrez Tregrom a-hed an tri bloaz hag hanter-kant-se eus ho Puhez tremenet o skoliata tri rummad tud. Ha pa gomzomp etrezomp diwar ho penn, ni ho pugale-skol, eo bepred gant ar memes douja\u00f1s hag ar memes anaoudegezh vat.<\/p>\n<p>Lezet hoc&rsquo;h eus ho korf gant ar barrez met ho spered zo bev bepred ivez hag ar mammo\u00f9-kozh a gont d&rsquo;o bugale-vihan peseurt cha\u00f1s o doa bet da gaout ur seurez santel d&rsquo;o c&rsquo;helenn.<\/p>\n<p>Labour ha Pedenn : setu ho taou c&rsquo;her-stur. Ouzhpenn ober skol ho poa ar garg da ren an ti, da zerc&rsquo;hel an armoniom en iliz, da soursial eus ar re gla\u00f1v, ar re gozh.<\/p>\n<p>Bep Yaou war sin mont e pourmenadenn gant bugale-pansionerezed e tremenec&rsquo;h dre di ur paour bennak, ur c&rsquo;hla\u00f1vour bennak, un den trubuilhet da vat evit freal- zi\u00f1, diluzia\u00f1 afero\u00f9 pe louzaoui\u00f1.<\/p>\n<p>Ha ne oa ket pinvidik ar gouent dre ma ne oa ket ur barrez pinvidik evel-just. Pep hini a roe hervez e voien hag e volontez. N&rsquo;eo ket en arc&rsquo;hant met lod eus ar pezh &lsquo;veze produet er feurm. Rak an holl pe dost o doa douar kalz pe nebeut, zoken ko\u00f1- versanted ar bourk o dije un tamm douar bennak. Ha lorc&rsquo;h &lsquo;veze er vugale o kas deoc&rsquo;h un draig ur wech an amzer, netra nemet evit klevout : Bennozh Doue !<\/p>\n<p>Paour kaezh M\u00e8re Raymondine, setu goullo pell zo ar gouent hoc&rsquo;h eus bet poaniet kement e-barzh. Ha pebezh kemm e-touez an dud ! Pebezh buhez diroll e-touez ar yaouankiz. O, n&rsquo;oc&rsquo;h ket marvet re abred. Nann, ne vije ket padet ho skiant o welout an dismantro\u00f9 zo graet er barrez abaoe ugent vloaz. C&rsquo;hwi hag a gare kement kened ar maezio\u00f9, bleunio\u00f9 ar maezio\u00f9, ar parko\u00f9 klozet etre ar c&rsquo;hleuzio\u00f9 dalc&rsquo;het mat ! Setu brema\u00f1, n&rsquo;eo ket plaenenno\u00f9, rak n&rsquo;eus tamm douar plaen ebet an terouer, met maezio\u00f9 divent ha noazh : Saharaio\u00f9, Siberio\u00f9 ! Neud orjal o treuz- kas danvezenno\u00f9 marvel. Orjal a-dreuz hag a-hed, ha restell war veg ar siminalio\u00f9 ! Hag estrenien en hor Bro, en hor zraonienn goant, ha yezho\u00f9 estren ha galleg ! Taolet er-maez an ilizo\u00f9 ar c&rsquo;hatekiz, ar prezeg, ar pron, ar c&rsquo;hantiko\u00f9, ar peden- no\u00f9 brezhonek ! Ar Feiz war ziskar ! An dizurzh dre holl, ar maezio\u00f9 goullo, o, mamm vat ! eus ho lec&rsquo;h santel a ziskuizh, taolit ur sell a druez war ho parrez, e-lec&rsquo;h ema\u00f1 ho relego\u00f9 doujet bepred. Pedit evit peizanted hor Bro, yaouankiz ar maezio\u00f9, hor faotred yaouank na gavont pried ebet da sevel tiegezhio\u00f9 kristen evel gwechall ! Pedit evit ar re gozh dilezet a ouel o-unan &lsquo;n o ziez goullo. Pedit evit ma chomo peizanted a-walc&rsquo;h en douar evit ma vo maget ar bed a-bezh. Ni hon eus fizia\u00f1s ennoc&rsquo;h, c&rsquo;hwi hag a bede ken kredus ha ken dibaouez.<\/p>\n<p>Pedit evidomp holl ha Doue da rei\u00f1 deoc&rsquo;h c&rsquo;hoazh brasoc&rsquo;h joa arc&rsquo;hoazh peogwir e vo Gouel an Hollsent.<\/p>\n<p>Gant douja\u00f1s ha karantez, Anjela.<\/p>\n<p><em>31 a viz Here 1974<\/em><\/p>\n","protected":false},"excerpt":{"rendered":"<p>Lizher da Sez Raymondine e Baradoz e strollad ar sentezed (spi am eus) M\u00e8re Raymondine doujet ha karet, Setu daou vloaz warn-ugent [&hellip;]<\/p>\n","protected":false},"author":1,"featured_media":0,"parent":0,"menu_order":0,"comment_status":"closed","ping_status":"closed","template":"","meta":{"_acf_changed":false,"ngg_post_thumbnail":0,"footnotes":""},"class_list":["post-2472","page","type-page","status-publish","hentry"],"acf":[],"yoast_head":"<!-- This site is optimized with the Yoast SEO plugin v27.4 - https:\/\/yoast.com\/product\/yoast-seo-wordpress\/ -->\n<title>Gouel an Hollsent - Anjela Duval<\/title>\n<meta name=\"robots\" content=\"index, follow, max-snippet:-1, max-image-preview:large, max-video-preview:-1\" \/>\n<link rel=\"canonical\" href=\"https:\/\/www.anjela.org\/oberenn\/bz\/gouel-an-hollsent\/\" \/>\n<meta property=\"og:locale\" content=\"fr_FR\" \/>\n<meta property=\"og:type\" content=\"article\" \/>\n<meta property=\"og:title\" content=\"Gouel an Hollsent - Anjela Duval\" \/>\n<meta property=\"og:description\" content=\"Lizher da Sez Raymondine e Baradoz e strollad ar sentezed (spi am eus) M\u00e8re Raymondine doujet ha karet, Setu daou vloaz warn-ugent [&hellip;]\" \/>\n<meta property=\"og:url\" content=\"https:\/\/www.anjela.org\/oberenn\/bz\/gouel-an-hollsent\/\" \/>\n<meta property=\"og:site_name\" content=\"Anjela Duval\" \/>\n<meta property=\"article:modified_time\" content=\"2025-08-13T13:23:03+00:00\" \/>\n<meta name=\"twitter:card\" content=\"summary_large_image\" \/>\n<meta name=\"twitter:label1\" content=\"Dur\u00e9e de lecture estim\u00e9e\" \/>\n\t<meta name=\"twitter:data1\" content=\"3 minutes\" \/>\n<script type=\"application\/ld+json\" class=\"yoast-schema-graph\">{\"@context\":\"https:\\\/\\\/schema.org\",\"@graph\":[{\"@type\":\"WebPage\",\"@id\":\"https:\\\/\\\/www.anjela.org\\\/oberenn\\\/bz\\\/gouel-an-hollsent\\\/\",\"url\":\"https:\\\/\\\/www.anjela.org\\\/oberenn\\\/bz\\\/gouel-an-hollsent\\\/\",\"name\":\"Gouel an Hollsent - Anjela Duval\",\"isPartOf\":{\"@id\":\"https:\\\/\\\/www.anjela.org\\\/oberenn\\\/#website\"},\"datePublished\":\"2017-10-15T20:37:33+00:00\",\"dateModified\":\"2025-08-13T13:23:03+00:00\",\"breadcrumb\":{\"@id\":\"https:\\\/\\\/www.anjela.org\\\/oberenn\\\/bz\\\/gouel-an-hollsent\\\/#breadcrumb\"},\"inLanguage\":\"fr-FR\",\"potentialAction\":[{\"@type\":\"ReadAction\",\"target\":[\"https:\\\/\\\/www.anjela.org\\\/oberenn\\\/bz\\\/gouel-an-hollsent\\\/\"]}]},{\"@type\":\"BreadcrumbList\",\"@id\":\"https:\\\/\\\/www.anjela.org\\\/oberenn\\\/bz\\\/gouel-an-hollsent\\\/#breadcrumb\",\"itemListElement\":[{\"@type\":\"ListItem\",\"position\":1,\"name\":\"Accueil\",\"item\":\"https:\\\/\\\/www.anjela.org\\\/oberenn\\\/\"},{\"@type\":\"ListItem\",\"position\":2,\"name\":\"Gouel an Hollsent\"}]},{\"@type\":\"WebSite\",\"@id\":\"https:\\\/\\\/www.anjela.org\\\/oberenn\\\/#website\",\"url\":\"https:\\\/\\\/www.anjela.org\\\/oberenn\\\/\",\"name\":\"Anjela Duval\",\"description\":\"\",\"publisher\":{\"@id\":\"https:\\\/\\\/www.anjela.org\\\/oberenn\\\/#organization\"},\"potentialAction\":[{\"@type\":\"SearchAction\",\"target\":{\"@type\":\"EntryPoint\",\"urlTemplate\":\"https:\\\/\\\/www.anjela.org\\\/oberenn\\\/?s={search_term_string}\"},\"query-input\":{\"@type\":\"PropertyValueSpecification\",\"valueRequired\":true,\"valueName\":\"search_term_string\"}}],\"inLanguage\":\"fr-FR\"},{\"@type\":\"Organization\",\"@id\":\"https:\\\/\\\/www.anjela.org\\\/oberenn\\\/#organization\",\"name\":\"Mignoned Anjela\",\"url\":\"https:\\\/\\\/www.anjela.org\\\/oberenn\\\/\",\"logo\":{\"@type\":\"ImageObject\",\"inLanguage\":\"fr-FR\",\"@id\":\"https:\\\/\\\/www.anjela.org\\\/oberenn\\\/#\\\/schema\\\/logo\\\/image\\\/\",\"url\":\"https:\\\/\\\/www.anjela.org\\\/oberenn\\\/wp-content\\\/uploads\\\/2019\\\/11\\\/logo-mignoned-angela.png\",\"contentUrl\":\"https:\\\/\\\/www.anjela.org\\\/oberenn\\\/wp-content\\\/uploads\\\/2019\\\/11\\\/logo-mignoned-angela.png\",\"width\":248,\"height\":147,\"caption\":\"Mignoned Anjela\"},\"image\":{\"@id\":\"https:\\\/\\\/www.anjela.org\\\/oberenn\\\/#\\\/schema\\\/logo\\\/image\\\/\"}}]}<\/script>\n<!-- \/ Yoast SEO plugin. -->","yoast_head_json":{"title":"Gouel an Hollsent - Anjela Duval","robots":{"index":"index","follow":"follow","max-snippet":"max-snippet:-1","max-image-preview":"max-image-preview:large","max-video-preview":"max-video-preview:-1"},"canonical":"https:\/\/www.anjela.org\/oberenn\/bz\/gouel-an-hollsent\/","og_locale":"fr_FR","og_type":"article","og_title":"Gouel an Hollsent - Anjela Duval","og_description":"Lizher da Sez Raymondine e Baradoz e strollad ar sentezed (spi am eus) M\u00e8re Raymondine doujet ha karet, Setu daou vloaz warn-ugent [&hellip;]","og_url":"https:\/\/www.anjela.org\/oberenn\/bz\/gouel-an-hollsent\/","og_site_name":"Anjela Duval","article_modified_time":"2025-08-13T13:23:03+00:00","twitter_card":"summary_large_image","twitter_misc":{"Dur\u00e9e de lecture estim\u00e9e":"3 minutes"},"schema":{"@context":"https:\/\/schema.org","@graph":[{"@type":"WebPage","@id":"https:\/\/www.anjela.org\/oberenn\/bz\/gouel-an-hollsent\/","url":"https:\/\/www.anjela.org\/oberenn\/bz\/gouel-an-hollsent\/","name":"Gouel an Hollsent - Anjela Duval","isPartOf":{"@id":"https:\/\/www.anjela.org\/oberenn\/#website"},"datePublished":"2017-10-15T20:37:33+00:00","dateModified":"2025-08-13T13:23:03+00:00","breadcrumb":{"@id":"https:\/\/www.anjela.org\/oberenn\/bz\/gouel-an-hollsent\/#breadcrumb"},"inLanguage":"fr-FR","potentialAction":[{"@type":"ReadAction","target":["https:\/\/www.anjela.org\/oberenn\/bz\/gouel-an-hollsent\/"]}]},{"@type":"BreadcrumbList","@id":"https:\/\/www.anjela.org\/oberenn\/bz\/gouel-an-hollsent\/#breadcrumb","itemListElement":[{"@type":"ListItem","position":1,"name":"Accueil","item":"https:\/\/www.anjela.org\/oberenn\/"},{"@type":"ListItem","position":2,"name":"Gouel an Hollsent"}]},{"@type":"WebSite","@id":"https:\/\/www.anjela.org\/oberenn\/#website","url":"https:\/\/www.anjela.org\/oberenn\/","name":"Anjela Duval","description":"","publisher":{"@id":"https:\/\/www.anjela.org\/oberenn\/#organization"},"potentialAction":[{"@type":"SearchAction","target":{"@type":"EntryPoint","urlTemplate":"https:\/\/www.anjela.org\/oberenn\/?s={search_term_string}"},"query-input":{"@type":"PropertyValueSpecification","valueRequired":true,"valueName":"search_term_string"}}],"inLanguage":"fr-FR"},{"@type":"Organization","@id":"https:\/\/www.anjela.org\/oberenn\/#organization","name":"Mignoned Anjela","url":"https:\/\/www.anjela.org\/oberenn\/","logo":{"@type":"ImageObject","inLanguage":"fr-FR","@id":"https:\/\/www.anjela.org\/oberenn\/#\/schema\/logo\/image\/","url":"https:\/\/www.anjela.org\/oberenn\/wp-content\/uploads\/2019\/11\/logo-mignoned-angela.png","contentUrl":"https:\/\/www.anjela.org\/oberenn\/wp-content\/uploads\/2019\/11\/logo-mignoned-angela.png","width":248,"height":147,"caption":"Mignoned Anjela"},"image":{"@id":"https:\/\/www.anjela.org\/oberenn\/#\/schema\/logo\/image\/"}}]}},"_links":{"self":[{"href":"https:\/\/www.anjela.org\/oberenn\/wp-json\/wp\/v2\/pages\/2472","targetHints":{"allow":["GET"]}}],"collection":[{"href":"https:\/\/www.anjela.org\/oberenn\/wp-json\/wp\/v2\/pages"}],"about":[{"href":"https:\/\/www.anjela.org\/oberenn\/wp-json\/wp\/v2\/types\/page"}],"author":[{"embeddable":true,"href":"https:\/\/www.anjela.org\/oberenn\/wp-json\/wp\/v2\/users\/1"}],"replies":[{"embeddable":true,"href":"https:\/\/www.anjela.org\/oberenn\/wp-json\/wp\/v2\/comments?post=2472"}],"version-history":[{"count":0,"href":"https:\/\/www.anjela.org\/oberenn\/wp-json\/wp\/v2\/pages\/2472\/revisions"}],"wp:attachment":[{"href":"https:\/\/www.anjela.org\/oberenn\/wp-json\/wp\/v2\/media?parent=2472"}],"curies":[{"name":"wp","href":"https:\/\/api.w.org\/{rel}","templated":true}]}}