{"id":2436,"date":"2017-10-15T22:07:30","date_gmt":"2017-10-15T20:07:30","guid":{"rendered":"http:\/\/www.anjela.org\/oberenn\/?page_id=2436"},"modified":"2025-08-13T15:19:59","modified_gmt":"2025-08-13T13:19:59","slug":"ar-moyo","status":"publish","type":"page","link":"https:\/\/www.anjela.org\/oberenn\/bz\/ar-moyo\/","title":{"rendered":"Ar \u00ab moyo \u00bb"},"content":{"rendered":"<p style=\"text-align: justify;\">Glav hag avel a rae ar Sul-se a viz Meurzh. Avel da zigerniaoui\u00f1 ar saout. &lsquo;Oa ket stank an dud en iliz ar Sul-se, hag ar person &lsquo;oa skuizhet prim o varvailhat dirak renkennado\u00f9 kadorio\u00f9 goullo. Goude kreisteiz, sioulaet un nebeud an avel ha ska\u00f1vaet ar glav am boa lakaet va saout ur pennad war ar melchon e Park al Leur. &lsquo;Oa ket hir ar c&rsquo;hrog avat eno. Met ken bihan &lsquo;vez ar boued chatal e miz Meurzh, dreist-holl war-lerc&rsquo;h ur goa\u00f1v ken kalet, ken rivinus evel hon eus bet er bloaz-ma\u00f1. Me &lsquo;gredfe n&rsquo;eus ket gwelet ken start all abaoe amzer an ebestel.<\/p>\n<p style=\"text-align: justify;\">Al loened paour treut ha divag etre ar c&rsquo;hrog hag an diskrog, skuizh o vl\u00eajal dirak ur rastell c&rsquo;houllo, a gav mat c&rsquo;hwezh ar melchon, hag a beur gant aked. En ur c&rsquo;hostez eus ar park &lsquo;oa un dachennad segal glas. Ret &lsquo;voe din &lsquo;ta chom tost da&rsquo;m saout. Edon o pazeal etre an div dachenn pa grogas Fousou da harzhal. Ar paotrig Herve &lsquo;oa o tont da&rsquo;m c&rsquo;haout.<\/p>\n<p style=\"text-align: justify;\">\u00ab&nbsp;C&rsquo;hwi a zo o vesa&nbsp;? emeza\u00f1.<br \/>\n\u2014&nbsp;Ya &lsquo;ta, paotr bihan, ret eo esa tenna\u00f1 peoc&rsquo;h eus al loened-ma\u00f1. Prest &lsquo;oan da drelati\u00f1 o klevout anezho o vl\u00eajal hag o vl\u00eajal aze gant an naon. Te avat ac&rsquo;h eus kouraj o lakat da relego\u00f9 er-maez gant ur seurt amzer-ma\u00f1.<br \/>\n\u2014&nbsp;O, eme Herve, n&rsquo;on ket en sukr, me zo bet en oferenn. Goude on bet e ti Jean-Pierre ha brema\u00f1 on deut da welout ac&rsquo;hanoc&rsquo;h, &lsquo;oan ket bet un tamm zo.<br \/>\n\u2014&nbsp;Nann, avat, va faotrig, mad ac&rsquo;h eus. Me &lsquo;so\u00f1je &lsquo;vije deut Jean-Pierre hiziv da glask levrio\u00f9 ivez. Met gant an amzer-ma\u00f1\u2026<br \/>\n\u2014&nbsp;O, dont a ray emberr, emeza\u00f1, ha deuet &lsquo;vije ganin panevet &lsquo;oa o teski\u00f1 \u00ab&nbsp;moyo&nbsp;\u00bb. <br \/>\nMoyo ???<br \/>\n\u00ab Sell&nbsp;! Sell&nbsp;! Sell&nbsp;! Briza war ar segal er penn all du-hont. Kae &lsquo;ta te dezhi, Herve, te a zo ska\u00f1v da droad.&nbsp;\u00bb<\/p>\n<p style=\"text-align: justify;\">Ha tius, ha Herve evel un dremedal d&rsquo;ar penn all, Fousou d&rsquo;e heul. Briza avat &lsquo;oa aet e koulz vat war ar segal. Rak e-keit ha ma oa Herve o vont d&rsquo;he diarbenn am boa un tamm termen da glask petra &lsquo;oa ar \u00ab&nbsp;moyo&nbsp;\u00bb-se. Komprenapl eo&nbsp;: un den en e oad n&rsquo;hell ket goulenn digant ur bugel petra eo an dra-ma\u00f1-tra. Nann, se &lsquo;vefe koll e levezon war ar bugel, koll e istim naet. So\u00f1jit &lsquo;ta ur bugel a gred eo sa\u00f1set an dud vras da c&rsquo;houzout an holl drao\u00f9. Ne felle ket din plega\u00f1 da c&rsquo;houlenn digant Herve petra &lsquo;oa se, \u00ab&nbsp;moyo&nbsp;\u00bb\u2026 Met e gwirionez ne welen ket tamm ebet petra &lsquo;oa dindan ar ger-se. Ur c&rsquo;hoari&nbsp;? Moyo, domino. Ur sport&nbsp;? Moyo, judo. Ur ganaouenn&nbsp;? Ur pezh-c&rsquo;hoari&nbsp;? Ya, mont a ra Jean-Pierre da c&rsquo;hoari pezhio\u00f9 d&rsquo;ar patronaj, met evit an Nedeleg hepken.<\/p>\n<p style=\"text-align: justify;\">Bez&rsquo; ez eus ardivinko\u00f9 da vuzulia\u00f1 tizh kalz-kalz a drao\u00f9. N&#8217;em eus ket klevet a vefe hini ebet da vuzulia\u00f1 tizh ar so\u00f1j. Ar re gozh a lavare penaos al louarn a rae seizh so\u00f1j ha seizh-ugent e-keit ma vez o k\u2026 at. Marteze me n&rsquo;am boa ket graet seizh ha seizh-ugent so\u00f1j e-pad edo bet Herve o tizarbenn Briza, met meur a c&rsquo;houlenn am boa graet ouzhin va-unan avat hep kaout ar respont.<br \/>\n\u00ab&nbsp;Oc&rsquo;h ober petra &lsquo;oa Jean-Pierre, a lavarez din Herve&nbsp;?<br \/>\n\u2014&nbsp;O kopia\u00f1 \u201cmoyo\u201d, emeza\u00f1, gwelout a reot.&nbsp;\u00bb<\/p>\n<p style=\"text-align: justify;\">Ac&rsquo;ha\u00f1 ! Setu me graet ur paz war-raok, e so\u00f1jen. Brema\u00f1 &lsquo;ouzon eo skritur, met petra &lsquo;r foeltr ? Marteze Jean-Pierre en deus kavet ur ganaouenn pe ur barzhoneg koant hag ema\u00f1 o tiskriva\u00f1 ar skrid da zegas ganta\u00f1. Rak dont a ra da gerc&rsquo;hat va c&rsquo;helaouenno\u00f9 brezhoneg pa &lsquo;m bez o lennet.<\/p>\n<p style=\"text-align: justify;\">\u00ab&nbsp;Ha diwar betra &lsquo;oa Jean-Pierre o kopia\u00f1&nbsp;? Gwelet ac&rsquo;h eus, paotrig ?<br \/>\n\u2014&nbsp;Ya, daou levr brezhoneg &lsquo;oa war an daol ganta\u00f1. Me n&rsquo;ouzon ket lenn brezhoneg. Met unan &lsquo;oa ur gartenn du ha ruz war e c&rsquo;holo, hag egile ur c&rsquo;haier bras &lsquo;oa tri \u201cmajuskul\u201d bras-bras warna\u00f1, A. K\u2026&nbsp;\u00bb<\/p>\n<p style=\"text-align: justify;\">Setu me anavezet <em>Ar Bed keltiek <\/em>ha <em>Barr-Heol. <\/em>Arsa&nbsp;! e so\u00f1jen c&rsquo;hoazh, lenn hag adlenn a ran div, teir gwech va c&rsquo;helaouenno\u00f9 brezhonek. Ne deu so\u00f1j ebet din koulskoude da veza\u00f1 gwelet \u00ab&nbsp;Moyo&nbsp;\u00bb war hini anezho. Biskoazh kemend-all. Komzet ez eus bet e <em>Barr-Heol <\/em>eus yezho\u00f9 estren, \u00ab&nbsp;yidich&nbsp;\u00bb, \u00ab&nbsp;kichaoua&nbsp;\u00bb. Ha \u00ab&nbsp;sango&nbsp;\u00bb&nbsp;? Pelec&rsquo;h &lsquo;ta em eus gwelet ar ger-se \u00ab&nbsp;sango&nbsp;\u00bb&nbsp;? \u00ab&nbsp;Sango&nbsp;\u00bb&nbsp;! \u00ab&nbsp;Moyo&nbsp;\u00bb&nbsp;! Se &lsquo;dle beza\u00f1 yezho\u00f9 meuriado\u00f9 gouezidi. Met evit petra e vije bet Jean-Pierre o teski\u00f1 ur yezh ouez&nbsp;? Evit mont da visioner&nbsp;? Abred avat eo c&rsquo;hoazh da so\u00f1jal se. War <em>Ar bed Keltiek <\/em>e vez bep miz kanaouenno\u00f9 ivez, met n&rsquo;am eus ket so\u00f1j eus \u00ab&nbsp;Moyo&nbsp;\u00bb ebet.<\/p>\n<p style=\"text-align: justify;\">\u00ab &lsquo;M eus aon Herve hoc&rsquo;h eus komprenet fall. N&rsquo;eo ket \u201cmoyo\u201d a lavare Jean-Pierre.<br \/>\n\u2014&nbsp;Eo &lsquo;ta, \u201cmoyo\u201d brezhonek, erru en devoa skrivet ur bern \u201cmoyo\u201d war e baper.&nbsp;\u00bb<\/p>\n<p style=\"text-align: justify;\">Sant Salver a bed binniget&nbsp;! En dro-ma\u00f1, memestra, daoust pegen togn eo va spered, am eus komprenet. Ober a ran (da vihana\u00f1 pa&rsquo;m bez amzer) ur roll eus ar gerio\u00f9 uhel, arnevez, diaes pe divoutin. Hag a-ge\u00f1ver an droidigezh a galleg pe e brezhoneg eeun ma c&rsquo;heller. Ar baperenn a lakan neuze er gelaouenn. Hag eno e kav Jean-Pierre un tamm sikour da lenn ha da gompren ar brezhoneg. Met chom &lsquo;ra c&rsquo;hoazh meur a c&rsquo;her dizanvez dezha\u00f1, hag e-unan d&rsquo;e dro &lsquo;ra ivez ur roll gerio\u00f9, a vez studiet bep tro pa deu da gerc&rsquo;hat trao\u00f9 da lenn. Ar gerio\u00f9-se eo a anve Herve \u00ab&nbsp;moyo&nbsp;\u00bb <em>(\u00abdes mots\u00bb).<\/em> Setu va zud vat &lsquo;m eus tapet ur grad en dro-ma\u00f1&nbsp;: kelenner \u00ab&nbsp;moyo&nbsp;\u00bb. Met n&rsquo;eo ket un eldorado ar vicher avat. Ha neuze, ret eo din anzav, n&rsquo;on ket c&rsquo;hoazh gwell akuit va-unan, met hervez doare, gwella\u00f1 stumm a zo da zeski\u00f1 eo kelenn. Tapout a ran end-eeun war va bizied ur wech an amzer abalamour d&rsquo;ar \u00ab&nbsp;moyo&nbsp;\u00bb-se, dreist-holl pa&rsquo;m bez afer gant rener <em>Barr-Heol <\/em>ha rener beilhadego\u00f9 Treger. An daou aotrou-ma\u00f1 avat o deus pep a wenterez hag a oar rei\u00f1 avel d&rsquo;ar \u00ab&nbsp;moyo&nbsp;\u00bb.<\/p>\n<p style=\"text-align: justify;\">[1967&nbsp;?]<\/p>\n<p style=\"text-align: justify;\"><em>&nbsp;<\/em><\/p>\n","protected":false},"excerpt":{"rendered":"<p>Glav hag avel a rae ar Sul-se a viz Meurzh. Avel da zigerniaoui\u00f1 ar saout. &lsquo;Oa ket stank an dud en iliz [&hellip;]<\/p>\n","protected":false},"author":1,"featured_media":0,"parent":0,"menu_order":0,"comment_status":"closed","ping_status":"closed","template":"","meta":{"_acf_changed":false,"ngg_post_thumbnail":0,"footnotes":""},"class_list":["post-2436","page","type-page","status-publish","hentry"],"acf":[],"yoast_head":"<!-- This site is optimized with the Yoast SEO plugin v27.5 - https:\/\/yoast.com\/product\/yoast-seo-wordpress\/ -->\n<title>Ar \u00ab moyo \u00bb - Anjela Duval<\/title>\n<meta name=\"robots\" content=\"index, follow, max-snippet:-1, max-image-preview:large, max-video-preview:-1\" \/>\n<link rel=\"canonical\" href=\"https:\/\/www.anjela.org\/oberenn\/bz\/ar-moyo\/\" \/>\n<meta property=\"og:locale\" content=\"fr_FR\" \/>\n<meta property=\"og:type\" content=\"article\" \/>\n<meta property=\"og:title\" content=\"Ar \u00ab moyo \u00bb - Anjela Duval\" \/>\n<meta property=\"og:description\" content=\"Glav hag avel a rae ar Sul-se a viz Meurzh. Avel da zigerniaoui\u00f1 ar saout. &lsquo;Oa ket stank an dud en iliz [&hellip;]\" \/>\n<meta property=\"og:url\" content=\"https:\/\/www.anjela.org\/oberenn\/bz\/ar-moyo\/\" \/>\n<meta property=\"og:site_name\" content=\"Anjela Duval\" \/>\n<meta property=\"article:modified_time\" content=\"2025-08-13T13:19:59+00:00\" \/>\n<meta name=\"twitter:card\" content=\"summary_large_image\" \/>\n<meta name=\"twitter:label1\" content=\"Dur\u00e9e de lecture estim\u00e9e\" \/>\n\t<meta name=\"twitter:data1\" content=\"5 minutes\" \/>\n<script type=\"application\/ld+json\" class=\"yoast-schema-graph\">{\"@context\":\"https:\\\/\\\/schema.org\",\"@graph\":[{\"@type\":\"WebPage\",\"@id\":\"https:\\\/\\\/www.anjela.org\\\/oberenn\\\/bz\\\/ar-moyo\\\/\",\"url\":\"https:\\\/\\\/www.anjela.org\\\/oberenn\\\/bz\\\/ar-moyo\\\/\",\"name\":\"Ar \u00ab moyo \u00bb - Anjela Duval\",\"isPartOf\":{\"@id\":\"https:\\\/\\\/www.anjela.org\\\/oberenn\\\/#website\"},\"datePublished\":\"2017-10-15T20:07:30+00:00\",\"dateModified\":\"2025-08-13T13:19:59+00:00\",\"breadcrumb\":{\"@id\":\"https:\\\/\\\/www.anjela.org\\\/oberenn\\\/bz\\\/ar-moyo\\\/#breadcrumb\"},\"inLanguage\":\"fr-FR\",\"potentialAction\":[{\"@type\":\"ReadAction\",\"target\":[\"https:\\\/\\\/www.anjela.org\\\/oberenn\\\/bz\\\/ar-moyo\\\/\"]}]},{\"@type\":\"BreadcrumbList\",\"@id\":\"https:\\\/\\\/www.anjela.org\\\/oberenn\\\/bz\\\/ar-moyo\\\/#breadcrumb\",\"itemListElement\":[{\"@type\":\"ListItem\",\"position\":1,\"name\":\"Accueil\",\"item\":\"https:\\\/\\\/www.anjela.org\\\/oberenn\\\/\"},{\"@type\":\"ListItem\",\"position\":2,\"name\":\"Ar \u00ab moyo \u00bb\"}]},{\"@type\":\"WebSite\",\"@id\":\"https:\\\/\\\/www.anjela.org\\\/oberenn\\\/#website\",\"url\":\"https:\\\/\\\/www.anjela.org\\\/oberenn\\\/\",\"name\":\"Anjela Duval\",\"description\":\"\",\"publisher\":{\"@id\":\"https:\\\/\\\/www.anjela.org\\\/oberenn\\\/#organization\"},\"potentialAction\":[{\"@type\":\"SearchAction\",\"target\":{\"@type\":\"EntryPoint\",\"urlTemplate\":\"https:\\\/\\\/www.anjela.org\\\/oberenn\\\/?s={search_term_string}\"},\"query-input\":{\"@type\":\"PropertyValueSpecification\",\"valueRequired\":true,\"valueName\":\"search_term_string\"}}],\"inLanguage\":\"fr-FR\"},{\"@type\":\"Organization\",\"@id\":\"https:\\\/\\\/www.anjela.org\\\/oberenn\\\/#organization\",\"name\":\"Mignoned Anjela\",\"url\":\"https:\\\/\\\/www.anjela.org\\\/oberenn\\\/\",\"logo\":{\"@type\":\"ImageObject\",\"inLanguage\":\"fr-FR\",\"@id\":\"https:\\\/\\\/www.anjela.org\\\/oberenn\\\/#\\\/schema\\\/logo\\\/image\\\/\",\"url\":\"https:\\\/\\\/www.anjela.org\\\/oberenn\\\/wp-content\\\/uploads\\\/2019\\\/11\\\/logo-mignoned-angela.png\",\"contentUrl\":\"https:\\\/\\\/www.anjela.org\\\/oberenn\\\/wp-content\\\/uploads\\\/2019\\\/11\\\/logo-mignoned-angela.png\",\"width\":248,\"height\":147,\"caption\":\"Mignoned Anjela\"},\"image\":{\"@id\":\"https:\\\/\\\/www.anjela.org\\\/oberenn\\\/#\\\/schema\\\/logo\\\/image\\\/\"}}]}<\/script>\n<!-- \/ Yoast SEO plugin. -->","yoast_head_json":{"title":"Ar \u00ab moyo \u00bb - Anjela Duval","robots":{"index":"index","follow":"follow","max-snippet":"max-snippet:-1","max-image-preview":"max-image-preview:large","max-video-preview":"max-video-preview:-1"},"canonical":"https:\/\/www.anjela.org\/oberenn\/bz\/ar-moyo\/","og_locale":"fr_FR","og_type":"article","og_title":"Ar \u00ab moyo \u00bb - Anjela Duval","og_description":"Glav hag avel a rae ar Sul-se a viz Meurzh. Avel da zigerniaoui\u00f1 ar saout. &lsquo;Oa ket stank an dud en iliz [&hellip;]","og_url":"https:\/\/www.anjela.org\/oberenn\/bz\/ar-moyo\/","og_site_name":"Anjela Duval","article_modified_time":"2025-08-13T13:19:59+00:00","twitter_card":"summary_large_image","twitter_misc":{"Dur\u00e9e de lecture estim\u00e9e":"5 minutes"},"schema":{"@context":"https:\/\/schema.org","@graph":[{"@type":"WebPage","@id":"https:\/\/www.anjela.org\/oberenn\/bz\/ar-moyo\/","url":"https:\/\/www.anjela.org\/oberenn\/bz\/ar-moyo\/","name":"Ar \u00ab moyo \u00bb - Anjela Duval","isPartOf":{"@id":"https:\/\/www.anjela.org\/oberenn\/#website"},"datePublished":"2017-10-15T20:07:30+00:00","dateModified":"2025-08-13T13:19:59+00:00","breadcrumb":{"@id":"https:\/\/www.anjela.org\/oberenn\/bz\/ar-moyo\/#breadcrumb"},"inLanguage":"fr-FR","potentialAction":[{"@type":"ReadAction","target":["https:\/\/www.anjela.org\/oberenn\/bz\/ar-moyo\/"]}]},{"@type":"BreadcrumbList","@id":"https:\/\/www.anjela.org\/oberenn\/bz\/ar-moyo\/#breadcrumb","itemListElement":[{"@type":"ListItem","position":1,"name":"Accueil","item":"https:\/\/www.anjela.org\/oberenn\/"},{"@type":"ListItem","position":2,"name":"Ar \u00ab moyo \u00bb"}]},{"@type":"WebSite","@id":"https:\/\/www.anjela.org\/oberenn\/#website","url":"https:\/\/www.anjela.org\/oberenn\/","name":"Anjela Duval","description":"","publisher":{"@id":"https:\/\/www.anjela.org\/oberenn\/#organization"},"potentialAction":[{"@type":"SearchAction","target":{"@type":"EntryPoint","urlTemplate":"https:\/\/www.anjela.org\/oberenn\/?s={search_term_string}"},"query-input":{"@type":"PropertyValueSpecification","valueRequired":true,"valueName":"search_term_string"}}],"inLanguage":"fr-FR"},{"@type":"Organization","@id":"https:\/\/www.anjela.org\/oberenn\/#organization","name":"Mignoned Anjela","url":"https:\/\/www.anjela.org\/oberenn\/","logo":{"@type":"ImageObject","inLanguage":"fr-FR","@id":"https:\/\/www.anjela.org\/oberenn\/#\/schema\/logo\/image\/","url":"https:\/\/www.anjela.org\/oberenn\/wp-content\/uploads\/2019\/11\/logo-mignoned-angela.png","contentUrl":"https:\/\/www.anjela.org\/oberenn\/wp-content\/uploads\/2019\/11\/logo-mignoned-angela.png","width":248,"height":147,"caption":"Mignoned Anjela"},"image":{"@id":"https:\/\/www.anjela.org\/oberenn\/#\/schema\/logo\/image\/"}}]}},"_links":{"self":[{"href":"https:\/\/www.anjela.org\/oberenn\/wp-json\/wp\/v2\/pages\/2436","targetHints":{"allow":["GET"]}}],"collection":[{"href":"https:\/\/www.anjela.org\/oberenn\/wp-json\/wp\/v2\/pages"}],"about":[{"href":"https:\/\/www.anjela.org\/oberenn\/wp-json\/wp\/v2\/types\/page"}],"author":[{"embeddable":true,"href":"https:\/\/www.anjela.org\/oberenn\/wp-json\/wp\/v2\/users\/1"}],"replies":[{"embeddable":true,"href":"https:\/\/www.anjela.org\/oberenn\/wp-json\/wp\/v2\/comments?post=2436"}],"version-history":[{"count":0,"href":"https:\/\/www.anjela.org\/oberenn\/wp-json\/wp\/v2\/pages\/2436\/revisions"}],"wp:attachment":[{"href":"https:\/\/www.anjela.org\/oberenn\/wp-json\/wp\/v2\/media?parent=2436"}],"curies":[{"name":"wp","href":"https:\/\/api.w.org\/{rel}","templated":true}]}}