{"id":2389,"date":"2017-10-15T19:11:02","date_gmt":"2017-10-15T17:11:02","guid":{"rendered":"http:\/\/www.anjela.org\/oberenn\/?page_id=2389"},"modified":"2025-08-13T15:22:47","modified_gmt":"2025-08-13T13:22:47","slug":"emzivaded","status":"publish","type":"page","link":"https:\/\/www.anjela.org\/oberenn\/bz\/emzivaded\/","title":{"rendered":"Emzivaded"},"content":{"rendered":"<p>Al loened, da gredi\u00f1 eo, o deus ivez un tonkadur evel an dud. Darn &lsquo;zo gouestlet d&rsquo;ar vizer adalek o oad tenera\u00f1. Darn all a c&rsquo;hoarzh ar vuhez outo a-hed o deizio\u00f9.<br \/>\nBez&rsquo; am boa n&rsquo;eus ket pell daou neizhad lapined bihan. Div vamm eus ar c&rsquo;haera\u00f1, unan glas-louet, eben gell-rous. An hini glas-louet n&rsquo;he doa nemet daou lapinig : unan glas evel e vamm hag unan rous evel e dad. Ur mailh an tad lapin-se. Krog &lsquo;oant da redek ; flour ha druz o blev. Gwenn o bed ar re-se. An hini gell-rous he devoa brasoc&rsquo;h neizhad. &lsquo;Ouien ket dres pet &lsquo;oa outo. N&rsquo;eo ket mat meska\u00f1 al lapi- ned bihan. O mamm a gemer kas outo alies end-eeun dre ma sant ganto c&rsquo;hwezh an dud. An neizhad-ma\u00f1 &lsquo;oa yaouankoc&rsquo;h. Na deuent ket c&rsquo;hoazh da redek.<br \/>\nUn abardaez, te\u00f1val dija pa&rsquo;z is da rei\u00f1 o c&rsquo;hoan d&rsquo;al lapined n&rsquo;oa ket evel kustum an hini gozh rous e toull an nor, fi\u00f1v ebet na gleven. Marteze &lsquo;oa o vaga\u00f1 he re vihan ? Iskis. Raksantout a raen an darvoud. Mont a ris da gerc&rsquo;hat al letern. Gwa ! Edo al lapinez paour astennet marv-mik. Debret he doa he lein evel an ordinal. Un taol-gwad &lsquo;micha\u00f1s he doa bet, ruz &lsquo;oa he daoulagad. Re a gerc&rsquo;h marteze a roan dezho er goa\u00f1v. Ponner eo spontus. Dek lur da nebeuta\u00f1. Ha pebezh chastre brema\u00f1 gant ar re vihan. Degas a ris da gichen an neizh bara ha laezh war un asied, un dor- nad segal glas hag un tamm kerc&rsquo;h malet. Ha daoust pet &lsquo;zo ? C&rsquo;hwec&rsquo;h, unan fallik. Aon o deus, soucha\u00f1 &lsquo;reont en neizh. N&rsquo;o deus ket naon c&rsquo;hoazh. Lakaat &lsquo;ris un tor- chad foenn dous d&rsquo;o goudori\u00f1 ha mont d&rsquo;am labour. Pa voe savet naon ha sec&rsquo;hed d&rsquo;al loenedigo\u00f9 paour e teujont prim da c&rsquo;houzout petra &lsquo;oa bara ha laezh. Ar gwi- doroc&rsquo;hig a seblante fallaat. Pa sellis ervat outa\u00f1 a welis n&rsquo;en doa nemet tri droad. Un troad a-raok a rae diouer dezha\u00f1. Paourig bihan : emzivad ha mac&rsquo;hagnet. Truez am boa outa\u00f1 avat. Deuet &lsquo;oa amzer yen war ar marc&rsquo;had ma rankis o lakaat en ur voest karto\u00f1s gant gloan er fo\u00f1s, ur riboul er c&rsquo;hostez da zont ha vont e-barzh.<br \/>\nBrema\u00f1 pa vez un tamm heol o c&rsquo;hasan boest ha tout da beuri\u00f1 da Bark al Leur. Aze ez eus melchon ha c&rsquo;hwista\u00f1 &lsquo;reont da beuri\u00f1 me &lsquo;lavar. Ar gwidoroc&rsquo;hig bihan adal ma klev ac&rsquo;hanon o tostaat d&rsquo;ar c&rsquo;hraou a ra un doare garmadenn drist, trist ha laouen war un dro : iw, iw\u2026 Plijout &lsquo;ra dezho dreist-holl peuri\u00f1 e goudor ar c&rsquo;hleuz ha dibab a bep seurt louzaouenno\u00f9. Dre anien e ouzont petra zo mat evit o yec&rsquo;hed. O anien ivez o doug da skraba\u00f1 douar ha fentus eo gwelout un tamm lapinig o klask ober un toull e sol ar c&rsquo;hleuz pe c&rsquo;hoazh &lsquo;n ur bern douar-gozed. Ken fentus all gwe- lout anezho oc&rsquo;h ober chiboud da esa gwelout moarvat pegen bras eo ar bed. Unan eus va c&rsquo;ha\u00f1farded vihan a zo c&rsquo;hwil end-eeun : krapa\u00f1 &lsquo;ra war ar c&rsquo;hleuz dija. Ar gwidoroc&rsquo;hig bihan p&rsquo;en devez graet ur c&rsquo;hrogad peuri\u00f1 a zeu da gousket war va barlenn en ur ober iw, iw\u2026<br \/>\nSpontik eo al lapined ; pa glevont ur barr avel er gwez pe un harzhadenn, zoken ar c&rsquo;hog o kana\u00f1 e tilammont prim etrezek ar voest, aze emaint e surentez hervez o so\u00f1j. An nebeud munutenno\u00f9-se a dremenan oc&rsquo;h evezhia\u00f1 va emzivaded bihan a zo evidon un diskuizh hag un dudi, hag ouzhpenn eo ivez ur studi. Siwazh ar seurt mareado\u00f9 ne vent ket stank em buhez. Mil ha mil labour am sach war bep tu, hag an deiz an noz a vez bepred re verr. Kalz re verr evidon.<br \/>\n16 a viz C&rsquo;hwevrer 1965<\/p>\n","protected":false},"excerpt":{"rendered":"<p>Al loened, da gredi\u00f1 eo, o deus ivez un tonkadur evel an dud. Darn &lsquo;zo gouestlet d&rsquo;ar vizer adalek o oad tenera\u00f1. [&hellip;]<\/p>\n","protected":false},"author":1,"featured_media":0,"parent":0,"menu_order":0,"comment_status":"closed","ping_status":"closed","template":"","meta":{"_acf_changed":false,"ngg_post_thumbnail":0,"footnotes":""},"class_list":["post-2389","page","type-page","status-publish","hentry"],"acf":[],"yoast_head":"<!-- This site is optimized with the Yoast SEO plugin v27.5 - https:\/\/yoast.com\/product\/yoast-seo-wordpress\/ -->\n<title>Emzivaded - Anjela Duval<\/title>\n<meta name=\"robots\" content=\"index, follow, max-snippet:-1, max-image-preview:large, max-video-preview:-1\" \/>\n<link rel=\"canonical\" href=\"https:\/\/www.anjela.org\/oberenn\/bz\/emzivaded\/\" \/>\n<meta property=\"og:locale\" content=\"fr_FR\" \/>\n<meta property=\"og:type\" content=\"article\" \/>\n<meta property=\"og:title\" content=\"Emzivaded - Anjela Duval\" \/>\n<meta property=\"og:description\" content=\"Al loened, da gredi\u00f1 eo, o deus ivez un tonkadur evel an dud. Darn &lsquo;zo gouestlet d&rsquo;ar vizer adalek o oad tenera\u00f1. [&hellip;]\" \/>\n<meta property=\"og:url\" content=\"https:\/\/www.anjela.org\/oberenn\/bz\/emzivaded\/\" \/>\n<meta property=\"og:site_name\" content=\"Anjela Duval\" \/>\n<meta property=\"article:modified_time\" content=\"2025-08-13T13:22:47+00:00\" \/>\n<meta name=\"twitter:card\" content=\"summary_large_image\" \/>\n<meta name=\"twitter:label1\" content=\"Dur\u00e9e de lecture estim\u00e9e\" \/>\n\t<meta name=\"twitter:data1\" content=\"3 minutes\" \/>\n<script type=\"application\/ld+json\" class=\"yoast-schema-graph\">{\"@context\":\"https:\\\/\\\/schema.org\",\"@graph\":[{\"@type\":\"WebPage\",\"@id\":\"https:\\\/\\\/www.anjela.org\\\/oberenn\\\/bz\\\/emzivaded\\\/\",\"url\":\"https:\\\/\\\/www.anjela.org\\\/oberenn\\\/bz\\\/emzivaded\\\/\",\"name\":\"Emzivaded - Anjela Duval\",\"isPartOf\":{\"@id\":\"https:\\\/\\\/www.anjela.org\\\/oberenn\\\/#website\"},\"datePublished\":\"2017-10-15T17:11:02+00:00\",\"dateModified\":\"2025-08-13T13:22:47+00:00\",\"breadcrumb\":{\"@id\":\"https:\\\/\\\/www.anjela.org\\\/oberenn\\\/bz\\\/emzivaded\\\/#breadcrumb\"},\"inLanguage\":\"fr-FR\",\"potentialAction\":[{\"@type\":\"ReadAction\",\"target\":[\"https:\\\/\\\/www.anjela.org\\\/oberenn\\\/bz\\\/emzivaded\\\/\"]}]},{\"@type\":\"BreadcrumbList\",\"@id\":\"https:\\\/\\\/www.anjela.org\\\/oberenn\\\/bz\\\/emzivaded\\\/#breadcrumb\",\"itemListElement\":[{\"@type\":\"ListItem\",\"position\":1,\"name\":\"Accueil\",\"item\":\"https:\\\/\\\/www.anjela.org\\\/oberenn\\\/\"},{\"@type\":\"ListItem\",\"position\":2,\"name\":\"Emzivaded\"}]},{\"@type\":\"WebSite\",\"@id\":\"https:\\\/\\\/www.anjela.org\\\/oberenn\\\/#website\",\"url\":\"https:\\\/\\\/www.anjela.org\\\/oberenn\\\/\",\"name\":\"Anjela Duval\",\"description\":\"\",\"publisher\":{\"@id\":\"https:\\\/\\\/www.anjela.org\\\/oberenn\\\/#organization\"},\"potentialAction\":[{\"@type\":\"SearchAction\",\"target\":{\"@type\":\"EntryPoint\",\"urlTemplate\":\"https:\\\/\\\/www.anjela.org\\\/oberenn\\\/?s={search_term_string}\"},\"query-input\":{\"@type\":\"PropertyValueSpecification\",\"valueRequired\":true,\"valueName\":\"search_term_string\"}}],\"inLanguage\":\"fr-FR\"},{\"@type\":\"Organization\",\"@id\":\"https:\\\/\\\/www.anjela.org\\\/oberenn\\\/#organization\",\"name\":\"Mignoned Anjela\",\"url\":\"https:\\\/\\\/www.anjela.org\\\/oberenn\\\/\",\"logo\":{\"@type\":\"ImageObject\",\"inLanguage\":\"fr-FR\",\"@id\":\"https:\\\/\\\/www.anjela.org\\\/oberenn\\\/#\\\/schema\\\/logo\\\/image\\\/\",\"url\":\"https:\\\/\\\/www.anjela.org\\\/oberenn\\\/wp-content\\\/uploads\\\/2019\\\/11\\\/logo-mignoned-angela.png\",\"contentUrl\":\"https:\\\/\\\/www.anjela.org\\\/oberenn\\\/wp-content\\\/uploads\\\/2019\\\/11\\\/logo-mignoned-angela.png\",\"width\":248,\"height\":147,\"caption\":\"Mignoned Anjela\"},\"image\":{\"@id\":\"https:\\\/\\\/www.anjela.org\\\/oberenn\\\/#\\\/schema\\\/logo\\\/image\\\/\"}}]}<\/script>\n<!-- \/ Yoast SEO plugin. -->","yoast_head_json":{"title":"Emzivaded - Anjela Duval","robots":{"index":"index","follow":"follow","max-snippet":"max-snippet:-1","max-image-preview":"max-image-preview:large","max-video-preview":"max-video-preview:-1"},"canonical":"https:\/\/www.anjela.org\/oberenn\/bz\/emzivaded\/","og_locale":"fr_FR","og_type":"article","og_title":"Emzivaded - Anjela Duval","og_description":"Al loened, da gredi\u00f1 eo, o deus ivez un tonkadur evel an dud. Darn &lsquo;zo gouestlet d&rsquo;ar vizer adalek o oad tenera\u00f1. [&hellip;]","og_url":"https:\/\/www.anjela.org\/oberenn\/bz\/emzivaded\/","og_site_name":"Anjela Duval","article_modified_time":"2025-08-13T13:22:47+00:00","twitter_card":"summary_large_image","twitter_misc":{"Dur\u00e9e de lecture estim\u00e9e":"3 minutes"},"schema":{"@context":"https:\/\/schema.org","@graph":[{"@type":"WebPage","@id":"https:\/\/www.anjela.org\/oberenn\/bz\/emzivaded\/","url":"https:\/\/www.anjela.org\/oberenn\/bz\/emzivaded\/","name":"Emzivaded - Anjela Duval","isPartOf":{"@id":"https:\/\/www.anjela.org\/oberenn\/#website"},"datePublished":"2017-10-15T17:11:02+00:00","dateModified":"2025-08-13T13:22:47+00:00","breadcrumb":{"@id":"https:\/\/www.anjela.org\/oberenn\/bz\/emzivaded\/#breadcrumb"},"inLanguage":"fr-FR","potentialAction":[{"@type":"ReadAction","target":["https:\/\/www.anjela.org\/oberenn\/bz\/emzivaded\/"]}]},{"@type":"BreadcrumbList","@id":"https:\/\/www.anjela.org\/oberenn\/bz\/emzivaded\/#breadcrumb","itemListElement":[{"@type":"ListItem","position":1,"name":"Accueil","item":"https:\/\/www.anjela.org\/oberenn\/"},{"@type":"ListItem","position":2,"name":"Emzivaded"}]},{"@type":"WebSite","@id":"https:\/\/www.anjela.org\/oberenn\/#website","url":"https:\/\/www.anjela.org\/oberenn\/","name":"Anjela Duval","description":"","publisher":{"@id":"https:\/\/www.anjela.org\/oberenn\/#organization"},"potentialAction":[{"@type":"SearchAction","target":{"@type":"EntryPoint","urlTemplate":"https:\/\/www.anjela.org\/oberenn\/?s={search_term_string}"},"query-input":{"@type":"PropertyValueSpecification","valueRequired":true,"valueName":"search_term_string"}}],"inLanguage":"fr-FR"},{"@type":"Organization","@id":"https:\/\/www.anjela.org\/oberenn\/#organization","name":"Mignoned Anjela","url":"https:\/\/www.anjela.org\/oberenn\/","logo":{"@type":"ImageObject","inLanguage":"fr-FR","@id":"https:\/\/www.anjela.org\/oberenn\/#\/schema\/logo\/image\/","url":"https:\/\/www.anjela.org\/oberenn\/wp-content\/uploads\/2019\/11\/logo-mignoned-angela.png","contentUrl":"https:\/\/www.anjela.org\/oberenn\/wp-content\/uploads\/2019\/11\/logo-mignoned-angela.png","width":248,"height":147,"caption":"Mignoned Anjela"},"image":{"@id":"https:\/\/www.anjela.org\/oberenn\/#\/schema\/logo\/image\/"}}]}},"_links":{"self":[{"href":"https:\/\/www.anjela.org\/oberenn\/wp-json\/wp\/v2\/pages\/2389","targetHints":{"allow":["GET"]}}],"collection":[{"href":"https:\/\/www.anjela.org\/oberenn\/wp-json\/wp\/v2\/pages"}],"about":[{"href":"https:\/\/www.anjela.org\/oberenn\/wp-json\/wp\/v2\/types\/page"}],"author":[{"embeddable":true,"href":"https:\/\/www.anjela.org\/oberenn\/wp-json\/wp\/v2\/users\/1"}],"replies":[{"embeddable":true,"href":"https:\/\/www.anjela.org\/oberenn\/wp-json\/wp\/v2\/comments?post=2389"}],"version-history":[{"count":0,"href":"https:\/\/www.anjela.org\/oberenn\/wp-json\/wp\/v2\/pages\/2389\/revisions"}],"wp:attachment":[{"href":"https:\/\/www.anjela.org\/oberenn\/wp-json\/wp\/v2\/media?parent=2389"}],"curies":[{"name":"wp","href":"https:\/\/api.w.org\/{rel}","templated":true}]}}