{"id":2346,"date":"2017-10-13T20:03:58","date_gmt":"2017-10-13T18:03:58","guid":{"rendered":"http:\/\/www.anjela.org\/oberenn\/?page_id=2346"},"modified":"2025-08-13T15:19:59","modified_gmt":"2025-08-13T13:19:59","slug":"aotrou-ha-kenvroad-enorus","status":"publish","type":"page","link":"https:\/\/www.anjela.org\/oberenn\/bz\/aotrou-ha-kenvroad-enorus\/","title":{"rendered":"Aotro\u00f9 ha kenvroad enorus"},"content":{"rendered":"<p>Aotro\u00f9 ha kenvroad enorus,<\/p>\n<p>Bez&rsquo; am eus an enor da gas deoc&rsquo;h, evit respont d&rsquo;ho lizher deizet eus ar 17 a viz Gouere, an nebeud notenno\u00f9 ama\u00f1 da heul. Deoc&rsquo;h a vo d&rsquo;ober un dibab evel ma kavfot ar gwella\u00f1. Ho pedi\u00f1 a ran avat d&rsquo;ober ar berra\u00f1 ar gwella\u00f1 evel ma tere ouzh tudigo\u00f9 eveldon.<\/p>\n<p>Marie-Ang\u00e8le Duval. Ganet on bet er C&rsquo;hozh-Varc&rsquo;had e k\u00eariadenn Trao\u00f1-an-Dour d&rsquo;an 3 a viz Ebrel 1905. Trivet bugel Erwan Duval ha Mari-Fra\u00f1soaz Ollivier ginidik eus Tonkedeg, a diegezho\u00f9 koueriaded.<\/p>\n<p>Un atant bihanik ha douar meinek a-grap div dosenn tost-tost d&rsquo;al Leger eo va zamm rouantelezh. A-vihanik am eus labouret douar, ha micher all ebet na dije va dedennet, nemet ar vedisinerezh a vije. N&rsquo;am bije ket moaien da studia\u00f1.<\/p>\n<p>Evidon ar brasa\u00f1 arouez eus ar binvidigezh n&rsquo;oa ket kirri pompus, na kenkizo\u00f9 na netra, met redek a raen avat da vord an hent da welout o tremen un denn a bevar a gezeg ha d&rsquo;an oad a eizh vloaz em boa graet al le da chom em bro va buhez-pad, ma vije bolontez Doue. Dalc&rsquo;het am eus d&rsquo;am ger betek-henn. Siwazh nebeut a dra a zo em galloud ober evit ar vro a garan, rak hep gouiziegezh petra a c&rsquo;heller&nbsp;? Va studi n&rsquo;eo ket aet hirroc&rsquo;h eget ar pezh a desker e skol vihan ar bourk. Ha chomet on bepred war va naon rak naon am eus atav d&rsquo;ar ouiziegezh.<\/p>\n<p>Va zad zo marvet e 1941 oadet a bevar-ugent vloaz, va mamm e 1951 oadet a bemp bloaz ha pevar-ugent. N&rsquo;o doa skoazell nemedon rak kollet o doa o daou vugel kenta\u00f1, ha deuet edont dija war an oad p&rsquo;edon-me ganet.<\/p>\n<p>Va-unan-penn on brema\u00f1 o terc&rsquo;hel bepred an hevelep atant. Fall avat va yec&rsquo;hed, ha plat va yalc&rsquo;h. N&rsquo;am eus d&rsquo;am staga\u00f1 ouzh ar vuhez nemet ar garantez vras a dougan d&rsquo;am yezh nerzhus dous ha garv war un dro. Ken he\u00f1vel ouzhin.<\/p>\n<p>Ha seul vui ma vez graet brezel d&rsquo;ar brezhoneg, seul vui e garan. Ha don eo va levenez o welout ema\u00f1 krog da vleunia\u00f1 kaeroc&rsquo;h eget biskoazh, gras da galonegezh ha da bennegezh Breizhiz a ya bemdez o niver war greski\u00f1, hag o deus levezon a-walc&rsquo;h d&rsquo;ober da enebourien hor yezh douja\u00f1 o mennozhio\u00f9.<\/p>\n<p>[1964 ?]<\/p>\n","protected":false},"excerpt":{"rendered":"<p>Aotro\u00f9 ha kenvroad enorus, Bez&rsquo; am eus an enor da gas deoc&rsquo;h, evit respont d&rsquo;ho lizher deizet eus ar 17 a viz [&hellip;]<\/p>\n","protected":false},"author":1,"featured_media":0,"parent":0,"menu_order":0,"comment_status":"closed","ping_status":"closed","template":"","meta":{"_acf_changed":false,"ngg_post_thumbnail":0,"footnotes":""},"class_list":["post-2346","page","type-page","status-publish","hentry"],"acf":[],"yoast_head":"<!-- This site is optimized with the Yoast SEO plugin v27.5 - https:\/\/yoast.com\/product\/yoast-seo-wordpress\/ -->\n<title>Aotro\u00f9 ha kenvroad enorus - Anjela Duval<\/title>\n<meta name=\"robots\" content=\"index, follow, max-snippet:-1, max-image-preview:large, max-video-preview:-1\" \/>\n<link rel=\"canonical\" href=\"https:\/\/www.anjela.org\/oberenn\/bz\/aotrou-ha-kenvroad-enorus\/\" \/>\n<meta property=\"og:locale\" content=\"fr_FR\" \/>\n<meta property=\"og:type\" content=\"article\" \/>\n<meta property=\"og:title\" content=\"Aotro\u00f9 ha kenvroad enorus - Anjela Duval\" \/>\n<meta property=\"og:description\" content=\"Aotro\u00f9 ha kenvroad enorus, Bez&rsquo; am eus an enor da gas deoc&rsquo;h, evit respont d&rsquo;ho lizher deizet eus ar 17 a viz [&hellip;]\" \/>\n<meta property=\"og:url\" content=\"https:\/\/www.anjela.org\/oberenn\/bz\/aotrou-ha-kenvroad-enorus\/\" \/>\n<meta property=\"og:site_name\" content=\"Anjela Duval\" \/>\n<meta property=\"article:modified_time\" content=\"2025-08-13T13:19:59+00:00\" \/>\n<meta name=\"twitter:card\" content=\"summary_large_image\" \/>\n<meta name=\"twitter:label1\" content=\"Dur\u00e9e de lecture estim\u00e9e\" \/>\n\t<meta name=\"twitter:data1\" content=\"2 minutes\" \/>\n<script type=\"application\/ld+json\" class=\"yoast-schema-graph\">{\"@context\":\"https:\\\/\\\/schema.org\",\"@graph\":[{\"@type\":\"WebPage\",\"@id\":\"https:\\\/\\\/www.anjela.org\\\/oberenn\\\/bz\\\/aotrou-ha-kenvroad-enorus\\\/\",\"url\":\"https:\\\/\\\/www.anjela.org\\\/oberenn\\\/bz\\\/aotrou-ha-kenvroad-enorus\\\/\",\"name\":\"Aotro\u00f9 ha kenvroad enorus - Anjela Duval\",\"isPartOf\":{\"@id\":\"https:\\\/\\\/www.anjela.org\\\/oberenn\\\/#website\"},\"datePublished\":\"2017-10-13T18:03:58+00:00\",\"dateModified\":\"2025-08-13T13:19:59+00:00\",\"breadcrumb\":{\"@id\":\"https:\\\/\\\/www.anjela.org\\\/oberenn\\\/bz\\\/aotrou-ha-kenvroad-enorus\\\/#breadcrumb\"},\"inLanguage\":\"fr-FR\",\"potentialAction\":[{\"@type\":\"ReadAction\",\"target\":[\"https:\\\/\\\/www.anjela.org\\\/oberenn\\\/bz\\\/aotrou-ha-kenvroad-enorus\\\/\"]}]},{\"@type\":\"BreadcrumbList\",\"@id\":\"https:\\\/\\\/www.anjela.org\\\/oberenn\\\/bz\\\/aotrou-ha-kenvroad-enorus\\\/#breadcrumb\",\"itemListElement\":[{\"@type\":\"ListItem\",\"position\":1,\"name\":\"Accueil\",\"item\":\"https:\\\/\\\/www.anjela.org\\\/oberenn\\\/\"},{\"@type\":\"ListItem\",\"position\":2,\"name\":\"Aotro\u00f9 ha kenvroad enorus\"}]},{\"@type\":\"WebSite\",\"@id\":\"https:\\\/\\\/www.anjela.org\\\/oberenn\\\/#website\",\"url\":\"https:\\\/\\\/www.anjela.org\\\/oberenn\\\/\",\"name\":\"Anjela Duval\",\"description\":\"\",\"publisher\":{\"@id\":\"https:\\\/\\\/www.anjela.org\\\/oberenn\\\/#organization\"},\"potentialAction\":[{\"@type\":\"SearchAction\",\"target\":{\"@type\":\"EntryPoint\",\"urlTemplate\":\"https:\\\/\\\/www.anjela.org\\\/oberenn\\\/?s={search_term_string}\"},\"query-input\":{\"@type\":\"PropertyValueSpecification\",\"valueRequired\":true,\"valueName\":\"search_term_string\"}}],\"inLanguage\":\"fr-FR\"},{\"@type\":\"Organization\",\"@id\":\"https:\\\/\\\/www.anjela.org\\\/oberenn\\\/#organization\",\"name\":\"Mignoned Anjela\",\"url\":\"https:\\\/\\\/www.anjela.org\\\/oberenn\\\/\",\"logo\":{\"@type\":\"ImageObject\",\"inLanguage\":\"fr-FR\",\"@id\":\"https:\\\/\\\/www.anjela.org\\\/oberenn\\\/#\\\/schema\\\/logo\\\/image\\\/\",\"url\":\"https:\\\/\\\/www.anjela.org\\\/oberenn\\\/wp-content\\\/uploads\\\/2019\\\/11\\\/logo-mignoned-angela.png\",\"contentUrl\":\"https:\\\/\\\/www.anjela.org\\\/oberenn\\\/wp-content\\\/uploads\\\/2019\\\/11\\\/logo-mignoned-angela.png\",\"width\":248,\"height\":147,\"caption\":\"Mignoned Anjela\"},\"image\":{\"@id\":\"https:\\\/\\\/www.anjela.org\\\/oberenn\\\/#\\\/schema\\\/logo\\\/image\\\/\"}}]}<\/script>\n<!-- \/ Yoast SEO plugin. -->","yoast_head_json":{"title":"Aotro\u00f9 ha kenvroad enorus - Anjela Duval","robots":{"index":"index","follow":"follow","max-snippet":"max-snippet:-1","max-image-preview":"max-image-preview:large","max-video-preview":"max-video-preview:-1"},"canonical":"https:\/\/www.anjela.org\/oberenn\/bz\/aotrou-ha-kenvroad-enorus\/","og_locale":"fr_FR","og_type":"article","og_title":"Aotro\u00f9 ha kenvroad enorus - Anjela Duval","og_description":"Aotro\u00f9 ha kenvroad enorus, Bez&rsquo; am eus an enor da gas deoc&rsquo;h, evit respont d&rsquo;ho lizher deizet eus ar 17 a viz [&hellip;]","og_url":"https:\/\/www.anjela.org\/oberenn\/bz\/aotrou-ha-kenvroad-enorus\/","og_site_name":"Anjela Duval","article_modified_time":"2025-08-13T13:19:59+00:00","twitter_card":"summary_large_image","twitter_misc":{"Dur\u00e9e de lecture estim\u00e9e":"2 minutes"},"schema":{"@context":"https:\/\/schema.org","@graph":[{"@type":"WebPage","@id":"https:\/\/www.anjela.org\/oberenn\/bz\/aotrou-ha-kenvroad-enorus\/","url":"https:\/\/www.anjela.org\/oberenn\/bz\/aotrou-ha-kenvroad-enorus\/","name":"Aotro\u00f9 ha kenvroad enorus - Anjela Duval","isPartOf":{"@id":"https:\/\/www.anjela.org\/oberenn\/#website"},"datePublished":"2017-10-13T18:03:58+00:00","dateModified":"2025-08-13T13:19:59+00:00","breadcrumb":{"@id":"https:\/\/www.anjela.org\/oberenn\/bz\/aotrou-ha-kenvroad-enorus\/#breadcrumb"},"inLanguage":"fr-FR","potentialAction":[{"@type":"ReadAction","target":["https:\/\/www.anjela.org\/oberenn\/bz\/aotrou-ha-kenvroad-enorus\/"]}]},{"@type":"BreadcrumbList","@id":"https:\/\/www.anjela.org\/oberenn\/bz\/aotrou-ha-kenvroad-enorus\/#breadcrumb","itemListElement":[{"@type":"ListItem","position":1,"name":"Accueil","item":"https:\/\/www.anjela.org\/oberenn\/"},{"@type":"ListItem","position":2,"name":"Aotro\u00f9 ha kenvroad enorus"}]},{"@type":"WebSite","@id":"https:\/\/www.anjela.org\/oberenn\/#website","url":"https:\/\/www.anjela.org\/oberenn\/","name":"Anjela Duval","description":"","publisher":{"@id":"https:\/\/www.anjela.org\/oberenn\/#organization"},"potentialAction":[{"@type":"SearchAction","target":{"@type":"EntryPoint","urlTemplate":"https:\/\/www.anjela.org\/oberenn\/?s={search_term_string}"},"query-input":{"@type":"PropertyValueSpecification","valueRequired":true,"valueName":"search_term_string"}}],"inLanguage":"fr-FR"},{"@type":"Organization","@id":"https:\/\/www.anjela.org\/oberenn\/#organization","name":"Mignoned Anjela","url":"https:\/\/www.anjela.org\/oberenn\/","logo":{"@type":"ImageObject","inLanguage":"fr-FR","@id":"https:\/\/www.anjela.org\/oberenn\/#\/schema\/logo\/image\/","url":"https:\/\/www.anjela.org\/oberenn\/wp-content\/uploads\/2019\/11\/logo-mignoned-angela.png","contentUrl":"https:\/\/www.anjela.org\/oberenn\/wp-content\/uploads\/2019\/11\/logo-mignoned-angela.png","width":248,"height":147,"caption":"Mignoned Anjela"},"image":{"@id":"https:\/\/www.anjela.org\/oberenn\/#\/schema\/logo\/image\/"}}]}},"_links":{"self":[{"href":"https:\/\/www.anjela.org\/oberenn\/wp-json\/wp\/v2\/pages\/2346","targetHints":{"allow":["GET"]}}],"collection":[{"href":"https:\/\/www.anjela.org\/oberenn\/wp-json\/wp\/v2\/pages"}],"about":[{"href":"https:\/\/www.anjela.org\/oberenn\/wp-json\/wp\/v2\/types\/page"}],"author":[{"embeddable":true,"href":"https:\/\/www.anjela.org\/oberenn\/wp-json\/wp\/v2\/users\/1"}],"replies":[{"embeddable":true,"href":"https:\/\/www.anjela.org\/oberenn\/wp-json\/wp\/v2\/comments?post=2346"}],"version-history":[{"count":0,"href":"https:\/\/www.anjela.org\/oberenn\/wp-json\/wp\/v2\/pages\/2346\/revisions"}],"wp:attachment":[{"href":"https:\/\/www.anjela.org\/oberenn\/wp-json\/wp\/v2\/media?parent=2346"}],"curies":[{"name":"wp","href":"https:\/\/api.w.org\/{rel}","templated":true}]}}