{"id":2301,"date":"2017-10-13T19:32:12","date_gmt":"2017-10-13T17:32:12","guid":{"rendered":"http:\/\/www.anjela.org\/oberenn\/?page_id=2301"},"modified":"2025-08-13T15:22:47","modified_gmt":"2025-08-13T13:22:47","slug":"foar-vikael-lannuon","status":"publish","type":"page","link":"https:\/\/www.anjela.org\/oberenn\/bz\/foar-vikael-lannuon\/","title":{"rendered":"Foar Vikael Lannuon"},"content":{"rendered":"<p>Dibret &lsquo;oa o marc&rsquo;h gant an div verc&rsquo;hig da vont da foar Vikael. Mall bras ganto o welet an deiz-se o tostaat. Prometet &lsquo;devoa o mamm pep a \u00ab baiplu \u00bb nevez dezho a-benn ar goa\u00f1v da vont d&rsquo;ar skol. Un tamm dilhad &lsquo;devoa ezhomm ivez ha pep a c&rsquo;halocho\u00f9. Ret &lsquo;vije &lsquo; ta mont da Lannuon gant ar merc&rsquo;hed, un tamm brav a hent avat, met d&rsquo;ar c&rsquo;houlz-se &lsquo;oa mat an dud war o zreid. Un amezegez da Mamm-gozh a dlee mont ivez gant he merc&rsquo;h Lizig d&rsquo;ober ar memes ampledo\u00f9. Setu ma rejont hent asambles an div vamm hag an teir verc&rsquo;h.<br \/>\nPa &lsquo;devoa graet o c&rsquo;ho\u00f1verso\u00f9, prenet pep a \u00ab baiplu \u00bb d&rsquo;ar re vihan, pep a voto\u00f9 l\u00ear pla\u00f1chodet, ha graet ur sell eus priz al loened war ar Foarlac&rsquo;h &lsquo;voent aet da debri\u00f1 un tamm soub &lsquo;n un ostaliri vihan e ru Landreger, bara hag amanenn &lsquo;oa aet ganto eus ar g\u00ear. Mamm-gozh &lsquo;devoa paeet ar soub hag eben ar c&rsquo;hafe da lonka\u00f1 o bara. Neuze &lsquo;voent prest da retorn, met an teir vihan a faote dezho chom da sellet eus ar stalio\u00f9 ha diskenn war ar c&rsquo;hae da welet ar \u00ab c&rsquo;hurioziteo\u00f9 \u00bb. Fra\u00f1soazig, an hini a dlee beza\u00f1 diwezhatoc&rsquo;h va mamm, hag he c&rsquo;hoar Janig &lsquo;voe ar wech kenta\u00f1 dezho da vont da Lannuon, met Lizig &lsquo;oa bet meur a wech gant he mamm hag a ouie an doareo\u00f9 e k\u00ear.<br \/>\nSetu ma l\u00e2ras ar mammo\u00f9 a-benn ar fin : ar re-ma\u00f1 zo barrek da &lsquo;n em denn e k\u00ear o-zeir, deomp d&rsquo;ar g\u00ear ha lezomp anezho da sellet eus an trao\u00f9 ur pennad. Kaout a-walc&rsquo;h a raint hent ar g\u00ear ha beza\u00f1 zo ama\u00f1 ur bern tud eus Tonkedeg. Dont a raint da heul tud eus o anaoudegezh. Bon, hag ar mammo\u00f9 d&rsquo;ar g\u00ear, lorc&rsquo;h er merc&rsquo;hed moarvat pa &lsquo;devoa bet aotre da chom da vale plasenno\u00f9 Lannuon hag ouzhpenn arc&rsquo;hant en o godello\u00f9, pep a dri gwenneg. Se &lsquo;oa ur fortun : unan &lsquo;vit prena\u00f1 ur bara bihan a-raok dont d&rsquo;ar g\u00ear, unan da brena\u00f1 per da derri\u00f1 o sec&rsquo;hed hag unan all da brena\u00f1 krao\u00f1-poullig.<br \/>\nAr re-ma\u00f1 &lsquo;oa teir ga\u00f1fantenn gant o \u00ab farapluio\u00f9 \u00bb nevez hag o brid war o moue moarvat !\u2026 Hola ! Ya, met gant ar bres da sellet eus an trao\u00f9 iskis-se tout na wele ket hon merc&rsquo;hed an heol o tiskenn en dremmwel, ha kouezha\u00f1 &lsquo;ra buan an noz koulskoude a benn gouel-Vikael. Ken a weljont paotred ar stalio\u00f9 o paka\u00f1 o marc&rsquo;hadourezh hag an dud o tanavaat war ar plasenno\u00f9, neuze e teuas ar so\u00f1j dezho da glask ivez hent ar g\u00ear.<br \/>\nMet pell &lsquo;devoa d&rsquo;ober, ur c&rsquo;hwistad hent, da deir grennardenn, unnek, daouzek, trizek vloaz, eo teir lev pe teir lev-hanter kentoc&rsquo;h. Hag o divharigo\u00f9 &lsquo;oa dija skuizh o tompial e-pad an deiz en o sav en-dro d&rsquo;ar plasenno\u00f9. A-benn &lsquo;voent erru e Bulien &lsquo;oa aet an heol da guzh. Na voe c&rsquo;hoazh se nemet ul lev, hag erru divi ar merc&rsquo;hed. Eva\u00f1 &lsquo;rejont gant palv o dorn pep a vannac&rsquo;h dour eus feunteun Santez-Marc&rsquo;harid hag azeza\u00f1 ur momedig da ziskuizha\u00f1 war vaen ar feunteun. Hag adarre en hent &lsquo;n ur ober o zammig kaoz hag en ur flourika\u00f1 gant o dornig o farapluio\u00f9 nevez\u2026 Pebezh te\u00f1zor burzhudus ! gwasha\u00f1 tra &lsquo;oa evite : na rae takenn c&rsquo;hlav ebet en deiz-se, digarez ebet da digeri\u00f1 ar \u00ab paiplu \u00bb\u2026 Digoret &lsquo;vijent memes tra ha lakaet &lsquo;n o sav kichen-ha-kichen da vuzulia\u00f1 o ment. Ne oa kemm all ebet etrezo nemet liv an dorn kamm : unan gell, unan glas hag unan liv ludu, ar reo\u00f9 du ne oant mat &lsquo;met &lsquo;vit an dud kozh !\u2026<br \/>\nOber &lsquo;rae hon merc&rsquo;hed krogado\u00f9 redek, rak erru &lsquo;voe un tamm morc&rsquo;hed dezho. Tremen &lsquo;rae c&rsquo;hoazh ur wetur bennak a-biou dezho war an hent, tud hag a anave- zent zoken, ha bet &lsquo;vijent douget ivez sur a-walc&rsquo;h ma na vije nemet unan, met teir asambles, se &lsquo;oa un afer all. A-benn &lsquo;oant erru e Kroaz-al-Loa-Pella\u00f1 &lsquo;oa a\u00f1je- luz Tonkedeg o son. Daoulina\u00f1 &lsquo;rejont o-zeir war sichenn ar groaz da l\u00e2ret ur beden- nig, tost-tost an dour da zont en o daoulagad. Seizh kardlev &lsquo;oant c&rsquo;hoazh eus ar g\u00ear ha skuizh-divi. Noz du-dall &lsquo;oa a-benn &lsquo;oant erru e Kroaz-al-Loa nesa\u00f1 ! Hag ar Wernieg da dremen, ma Doue ! ul lec&rsquo;h gwall vrudet, dreist-holl en nozvezhio\u00f9 foar, eno &lsquo;vije laeron kroashent evel ma veze l\u00e2ret outo. Redek &lsquo;rae hon merc&rsquo;hed herra\u00f1 ma c&rsquo;hellent o tremen an andred-se. Ha pemp kardlev d&rsquo;ober c&rsquo;hoazh en noz te\u00f1val\u2026 Ha trouz da glevout gant o zud, se zo sklaer.<br \/>\nMet mar boa nec&rsquo;het an teir vihan, o zud er g\u00ear &lsquo;oa nec&rsquo;hetoc&rsquo;h c&rsquo;hoazh, ar mammo\u00f9 na badent ket gant an drubuilh. Mont &lsquo;rae an eil da di eben da welet hag erru &lsquo;vije hini pe hini. An tado\u00f9 a rae trouz : ret &lsquo;voe, emeze, beza\u00f1 sot ! Lezel bugale o-unan keit-se eus ar g\u00ear gant devezhio\u00f9 evel-se ? Ober &lsquo;rae o zud a bep seurt so\u00f1jo\u00f9. Marteze int &lsquo;n em gollet ? Kemeret un hent kontrol ? Pe tapet gant ul loen pennfollet pe ur wetur ? Pe c&rsquo;hoazh laeret gant ar Jipsianed, pe furlukined, pe paotred ar \u00ab C&rsquo;hiviziteo\u00f9 \u00bb, &lsquo;vel &lsquo;vez l\u00e2ret en Treger.<br \/>\nKaset &lsquo;voe &lsquo;benn ar fin o breudeur, unan eus pep ti, paotred yaouank dispont da glask o c&rsquo;hoarezed vihan. Erruout &lsquo;rejont a-benn ganto en tu all d&rsquo;ar bourc&rsquo;h e- ke\u00f1ver krec&rsquo;h Santez-Katell.<br \/>\n\u00ab Pelec&rsquo;h ar foeltr\u2026 eme ar baotred, &lsquo;oa chomet an teir gaouenn-ma\u00f1 ? Sed ama\u00f1 eurio\u00f9 da deir grennardenn da foeta\u00f1 hento\u00f9 ! An drubuilh hoc&rsquo;h eus-c&rsquo;hwi graet dimp tout ! Memes tra !\u2026 Brema\u00f1 souden e klevfet ur sarmon person kanton gant ho mammo\u00f9, kozh klinkenno\u00f9. \u00bb<br \/>\nHon merc&rsquo;hed avat a ouele druz, daoust ma oant ko\u00f1fortet gant o breudeur d&rsquo;o heul. Kement a hast &lsquo;oa da zigas ar c&rsquo;helo\u00f9 d&rsquo;ar g\u00ear penaos &lsquo;oa kavet ar vugale, ken &lsquo;voe deut unan anezho, ar paotr Yann hag a oa ska\u00f1v &lsquo;vel ur gwi\u00f1ver, d&rsquo;ar red d&rsquo;ar g\u00ear a- raok ar re all abalamour da dinec&rsquo;ha\u00f1 o zud bepred. Met e-lec&rsquo;h fest ar vazh e oant e gortoz eo soub krampouezh tomm e korn an oaled eo &lsquo;voe bet degemer ar merc&rsquo;hed bihan, ha daero\u00f9 o mamm &lsquo;voe bet brasoc&rsquo;h kastiz evito eget bazhado\u00f9.<br \/>\nMamm en he c&rsquo;hozhni he deus kontet din an dro alies, rak me &lsquo;lavar deoc&rsquo;h he devoa dalc&rsquo;het so\u00f1j eus he \u00ab faiplu \u00bb kenta\u00f1.\t[1962 ?]<\/p>\n","protected":false},"excerpt":{"rendered":"<p>Dibret &lsquo;oa o marc&rsquo;h gant an div verc&rsquo;hig da vont da foar Vikael. Mall bras ganto o welet an deiz-se o tostaat. [&hellip;]<\/p>\n","protected":false},"author":1,"featured_media":0,"parent":0,"menu_order":0,"comment_status":"closed","ping_status":"closed","template":"","meta":{"_acf_changed":false,"ngg_post_thumbnail":0,"footnotes":""},"class_list":["post-2301","page","type-page","status-publish","hentry"],"acf":[],"yoast_head":"<!-- This site is optimized with the Yoast SEO plugin v27.5 - https:\/\/yoast.com\/product\/yoast-seo-wordpress\/ -->\n<title>Foar Vikael Lannuon - Anjela Duval<\/title>\n<meta name=\"robots\" content=\"index, follow, max-snippet:-1, max-image-preview:large, max-video-preview:-1\" \/>\n<link rel=\"canonical\" href=\"https:\/\/www.anjela.org\/oberenn\/bz\/foar-vikael-lannuon\/\" \/>\n<meta property=\"og:locale\" content=\"fr_FR\" \/>\n<meta property=\"og:type\" content=\"article\" \/>\n<meta property=\"og:title\" content=\"Foar Vikael Lannuon - Anjela Duval\" \/>\n<meta property=\"og:description\" content=\"Dibret &lsquo;oa o marc&rsquo;h gant an div verc&rsquo;hig da vont da foar Vikael. Mall bras ganto o welet an deiz-se o tostaat. [&hellip;]\" \/>\n<meta property=\"og:url\" content=\"https:\/\/www.anjela.org\/oberenn\/bz\/foar-vikael-lannuon\/\" \/>\n<meta property=\"og:site_name\" content=\"Anjela Duval\" \/>\n<meta property=\"article:modified_time\" content=\"2025-08-13T13:22:47+00:00\" \/>\n<meta name=\"twitter:card\" content=\"summary_large_image\" \/>\n<meta name=\"twitter:label1\" content=\"Dur\u00e9e de lecture estim\u00e9e\" \/>\n\t<meta name=\"twitter:data1\" content=\"5 minutes\" \/>\n<script type=\"application\/ld+json\" class=\"yoast-schema-graph\">{\"@context\":\"https:\\\/\\\/schema.org\",\"@graph\":[{\"@type\":\"WebPage\",\"@id\":\"https:\\\/\\\/www.anjela.org\\\/oberenn\\\/bz\\\/foar-vikael-lannuon\\\/\",\"url\":\"https:\\\/\\\/www.anjela.org\\\/oberenn\\\/bz\\\/foar-vikael-lannuon\\\/\",\"name\":\"Foar Vikael Lannuon - Anjela Duval\",\"isPartOf\":{\"@id\":\"https:\\\/\\\/www.anjela.org\\\/oberenn\\\/#website\"},\"datePublished\":\"2017-10-13T17:32:12+00:00\",\"dateModified\":\"2025-08-13T13:22:47+00:00\",\"breadcrumb\":{\"@id\":\"https:\\\/\\\/www.anjela.org\\\/oberenn\\\/bz\\\/foar-vikael-lannuon\\\/#breadcrumb\"},\"inLanguage\":\"fr-FR\",\"potentialAction\":[{\"@type\":\"ReadAction\",\"target\":[\"https:\\\/\\\/www.anjela.org\\\/oberenn\\\/bz\\\/foar-vikael-lannuon\\\/\"]}]},{\"@type\":\"BreadcrumbList\",\"@id\":\"https:\\\/\\\/www.anjela.org\\\/oberenn\\\/bz\\\/foar-vikael-lannuon\\\/#breadcrumb\",\"itemListElement\":[{\"@type\":\"ListItem\",\"position\":1,\"name\":\"Accueil\",\"item\":\"https:\\\/\\\/www.anjela.org\\\/oberenn\\\/\"},{\"@type\":\"ListItem\",\"position\":2,\"name\":\"Foar Vikael Lannuon\"}]},{\"@type\":\"WebSite\",\"@id\":\"https:\\\/\\\/www.anjela.org\\\/oberenn\\\/#website\",\"url\":\"https:\\\/\\\/www.anjela.org\\\/oberenn\\\/\",\"name\":\"Anjela Duval\",\"description\":\"\",\"publisher\":{\"@id\":\"https:\\\/\\\/www.anjela.org\\\/oberenn\\\/#organization\"},\"potentialAction\":[{\"@type\":\"SearchAction\",\"target\":{\"@type\":\"EntryPoint\",\"urlTemplate\":\"https:\\\/\\\/www.anjela.org\\\/oberenn\\\/?s={search_term_string}\"},\"query-input\":{\"@type\":\"PropertyValueSpecification\",\"valueRequired\":true,\"valueName\":\"search_term_string\"}}],\"inLanguage\":\"fr-FR\"},{\"@type\":\"Organization\",\"@id\":\"https:\\\/\\\/www.anjela.org\\\/oberenn\\\/#organization\",\"name\":\"Mignoned Anjela\",\"url\":\"https:\\\/\\\/www.anjela.org\\\/oberenn\\\/\",\"logo\":{\"@type\":\"ImageObject\",\"inLanguage\":\"fr-FR\",\"@id\":\"https:\\\/\\\/www.anjela.org\\\/oberenn\\\/#\\\/schema\\\/logo\\\/image\\\/\",\"url\":\"https:\\\/\\\/www.anjela.org\\\/oberenn\\\/wp-content\\\/uploads\\\/2019\\\/11\\\/logo-mignoned-angela.png\",\"contentUrl\":\"https:\\\/\\\/www.anjela.org\\\/oberenn\\\/wp-content\\\/uploads\\\/2019\\\/11\\\/logo-mignoned-angela.png\",\"width\":248,\"height\":147,\"caption\":\"Mignoned Anjela\"},\"image\":{\"@id\":\"https:\\\/\\\/www.anjela.org\\\/oberenn\\\/#\\\/schema\\\/logo\\\/image\\\/\"}}]}<\/script>\n<!-- \/ Yoast SEO plugin. -->","yoast_head_json":{"title":"Foar Vikael Lannuon - Anjela Duval","robots":{"index":"index","follow":"follow","max-snippet":"max-snippet:-1","max-image-preview":"max-image-preview:large","max-video-preview":"max-video-preview:-1"},"canonical":"https:\/\/www.anjela.org\/oberenn\/bz\/foar-vikael-lannuon\/","og_locale":"fr_FR","og_type":"article","og_title":"Foar Vikael Lannuon - Anjela Duval","og_description":"Dibret &lsquo;oa o marc&rsquo;h gant an div verc&rsquo;hig da vont da foar Vikael. Mall bras ganto o welet an deiz-se o tostaat. [&hellip;]","og_url":"https:\/\/www.anjela.org\/oberenn\/bz\/foar-vikael-lannuon\/","og_site_name":"Anjela Duval","article_modified_time":"2025-08-13T13:22:47+00:00","twitter_card":"summary_large_image","twitter_misc":{"Dur\u00e9e de lecture estim\u00e9e":"5 minutes"},"schema":{"@context":"https:\/\/schema.org","@graph":[{"@type":"WebPage","@id":"https:\/\/www.anjela.org\/oberenn\/bz\/foar-vikael-lannuon\/","url":"https:\/\/www.anjela.org\/oberenn\/bz\/foar-vikael-lannuon\/","name":"Foar Vikael Lannuon - Anjela Duval","isPartOf":{"@id":"https:\/\/www.anjela.org\/oberenn\/#website"},"datePublished":"2017-10-13T17:32:12+00:00","dateModified":"2025-08-13T13:22:47+00:00","breadcrumb":{"@id":"https:\/\/www.anjela.org\/oberenn\/bz\/foar-vikael-lannuon\/#breadcrumb"},"inLanguage":"fr-FR","potentialAction":[{"@type":"ReadAction","target":["https:\/\/www.anjela.org\/oberenn\/bz\/foar-vikael-lannuon\/"]}]},{"@type":"BreadcrumbList","@id":"https:\/\/www.anjela.org\/oberenn\/bz\/foar-vikael-lannuon\/#breadcrumb","itemListElement":[{"@type":"ListItem","position":1,"name":"Accueil","item":"https:\/\/www.anjela.org\/oberenn\/"},{"@type":"ListItem","position":2,"name":"Foar Vikael Lannuon"}]},{"@type":"WebSite","@id":"https:\/\/www.anjela.org\/oberenn\/#website","url":"https:\/\/www.anjela.org\/oberenn\/","name":"Anjela Duval","description":"","publisher":{"@id":"https:\/\/www.anjela.org\/oberenn\/#organization"},"potentialAction":[{"@type":"SearchAction","target":{"@type":"EntryPoint","urlTemplate":"https:\/\/www.anjela.org\/oberenn\/?s={search_term_string}"},"query-input":{"@type":"PropertyValueSpecification","valueRequired":true,"valueName":"search_term_string"}}],"inLanguage":"fr-FR"},{"@type":"Organization","@id":"https:\/\/www.anjela.org\/oberenn\/#organization","name":"Mignoned Anjela","url":"https:\/\/www.anjela.org\/oberenn\/","logo":{"@type":"ImageObject","inLanguage":"fr-FR","@id":"https:\/\/www.anjela.org\/oberenn\/#\/schema\/logo\/image\/","url":"https:\/\/www.anjela.org\/oberenn\/wp-content\/uploads\/2019\/11\/logo-mignoned-angela.png","contentUrl":"https:\/\/www.anjela.org\/oberenn\/wp-content\/uploads\/2019\/11\/logo-mignoned-angela.png","width":248,"height":147,"caption":"Mignoned Anjela"},"image":{"@id":"https:\/\/www.anjela.org\/oberenn\/#\/schema\/logo\/image\/"}}]}},"_links":{"self":[{"href":"https:\/\/www.anjela.org\/oberenn\/wp-json\/wp\/v2\/pages\/2301","targetHints":{"allow":["GET"]}}],"collection":[{"href":"https:\/\/www.anjela.org\/oberenn\/wp-json\/wp\/v2\/pages"}],"about":[{"href":"https:\/\/www.anjela.org\/oberenn\/wp-json\/wp\/v2\/types\/page"}],"author":[{"embeddable":true,"href":"https:\/\/www.anjela.org\/oberenn\/wp-json\/wp\/v2\/users\/1"}],"replies":[{"embeddable":true,"href":"https:\/\/www.anjela.org\/oberenn\/wp-json\/wp\/v2\/comments?post=2301"}],"version-history":[{"count":0,"href":"https:\/\/www.anjela.org\/oberenn\/wp-json\/wp\/v2\/pages\/2301\/revisions"}],"wp:attachment":[{"href":"https:\/\/www.anjela.org\/oberenn\/wp-json\/wp\/v2\/media?parent=2301"}],"curies":[{"name":"wp","href":"https:\/\/api.w.org\/{rel}","templated":true}]}}