{"id":221,"date":"2017-03-11T15:26:08","date_gmt":"2017-03-11T14:26:08","guid":{"rendered":"http:\/\/www.anjela.org\/oberenn\/?page_id=221"},"modified":"2025-08-13T15:23:04","modified_gmt":"2025-08-13T13:23:04","slug":"kinnig","status":"publish","type":"page","link":"https:\/\/www.anjela.org\/oberenn\/bz\/kinnig\/","title":{"rendered":"Kinnig"},"content":{"rendered":"<p><span style=\"font-size: 14pt;\"><strong>1998-2018&nbsp;: 20 vloaz eo Mignoned Anjela !<br \/>\n<\/strong><\/span><\/p>\n<p>Gwarezi\u00f1, skigna\u00f1 ha bruda\u00f1 oberenn Anjela Duval (1905-1981) eo pal penna\u00f1 ar gevredigezh Mignoned Anjela, hi hag a oa ur beizantez deus Bro-Dreger hag ur varzhez veur, tomm-berv he c&rsquo;halon ouzh douar he hendado\u00f9, ar vuhez war ar maez, he yezh-vamm ha Breizh he bro.<\/p>\n<p>En 1998 e oa bet savet Mignoned Anjela gant Ronan Koadig, <a href=\"https:\/\/perso.univ-rennes2.fr\/ronan.lecoadic\" target=\"_blank\" rel=\"noopener\">kelenner ar skolio\u00f9-meur<\/a>, hag ur skipailh tud plijet ken-ken gant ar varzhez. Kerkent hag er bloaz-se e oa bet embannet gante an dastumad barzhonego\u00f9&nbsp; <a href=\"http:\/\/www.anjela.org\/oberenn\/stourm-a-ran-war-bep-tachenn\/?lang=bz\"><em>Stourm a ran war bep tachenn<\/em><\/a>.<\/p>\n<p>Ouzhpenn beza\u00f1 lakaet enlinenn ul lec&rsquo;hienn holl destenno\u00f9 Anjela Duval warni e oa bet embannet Quatre Poires, un dastumad divyezhek barzhonego\u00f9 choazet ha troet en galleg gant Paol Keineg. Embannet e oa bet ivez un DVD warni ar film bet savet en 1971 gant Andre Voisin evit e rummad <a href=\"https:\/\/www.ina.fr\/video\/CPF86627104\">\u00ab Les Conteurs \u00bb<\/a>, en doa roet brud da Anjela e Breizh hag e Bro-C&rsquo;hall.<\/p>\n<p>Padal eo gant ar pezh mell <a href=\"http:\/\/www.anjela.org\/oberenn\/adembannadur-oberenn-glok-anjela-duval\/?lang=bz\"><em>Oberenn glok Anjela Duval<\/em><\/a>, embannet en 2000, adembannet en 2005 goude ma oa bet peurwerzhet, e oa aet ar gevredigezh Mignoned Anjela da vammenn ditouri\u00f1 penna\u00f1, anvezet gant an holl, pa vez kaoz deus oberenn barzhez-peizantez Trao\u00f1-an-Dour, bev-mat he levezon hirie c&rsquo;hoazh.<\/p>\n<p>\n<span style=\"font-size: 14pt;\"><strong><img fetchpriority=\"high\" decoding=\"async\" class=\"alignnone size-medium wp-image-4359\" src=\"http:\/\/www.anjela.org\/oberenn\/wp-content\/uploads\/2018\/06\/thumb-oberenn-glok-300x262.png\" alt=\"Oberenn glok Anjela Duval\" width=\"300\" height=\"262\" srcset=\"https:\/\/www.anjela.org\/oberenn\/wp-content\/uploads\/2018\/06\/thumb-oberenn-glok-300x262.png 300w, https:\/\/www.anjela.org\/oberenn\/wp-content\/uploads\/2018\/06\/thumb-oberenn-glok-768x671.png 768w, https:\/\/www.anjela.org\/oberenn\/wp-content\/uploads\/2018\/06\/thumb-oberenn-glok-1024x895.png 1024w, https:\/\/www.anjela.org\/oberenn\/wp-content\/uploads\/2018\/06\/thumb-oberenn-glok-750x655.png 750w, https:\/\/www.anjela.org\/oberenn\/wp-content\/uploads\/2018\/06\/thumb-oberenn-glok.png 1772w\" sizes=\"(max-width: 300px) 100vw, 300px\" \/><\/strong><\/span><br \/>\n&nbsp;<\/p>\n<p>Gant Mignoned Anjela, o kenlabourat gant Skol-veur Roazhon 2 ha Kuzul rannvro Breizh, e oa bet lakaet ivez <a href=\"http:\/\/bibnum.univ-rennes2.fr\/collections\/show\/15\">dornskrido\u00f9 Anjela Duval<\/a> da veza\u00f1 niverelaet hag embannet enlinenn.<\/p>\n<p>Da ge\u00f1ver ugentvet bloavezh Mignoned Anjela ec&rsquo;h eo bet adframmet al lec&rsquo;hienn web : warni emaoc&rsquo;h ! En ur vale a bajenn da bajenn ho po tro da lenn pe da adlenn oberenn Anjela Duval. Gwelet a c&rsquo;hallfet dornskrido\u00f9 zo e-tal-kichen ar barzhonego\u00f9, pe selaou tud o lenn barzhonego\u00f9 zo ivez, pe c&rsquo;hoazh sellet ouzh <a href=\"http:\/\/www.anjela.org\/oberenn\/bz\/gwelet_anjela\/\">videoio\u00f9<\/a> enlinenn, gant Anjela pe o sellet outi.<\/p>\n<p><strong>Darvoud penna\u00f1 ugentvet bloavezh ar gevredigezh avat eo embann ur romant treset, <em>Anjela,<\/em> a vo kavet er stalio\u00f9-levrio\u00f9 en diskar-amzer 2018 : bezit so\u00f1j e c&rsquo;hallit <a href=\"http:\/\/www.anjela.org\/oberenn\/wp-content\/uploads\/2018\/06\/ANJELA-rakpren-WEB.pdf\">gourc&rsquo;hemenn anezha\u00f1<\/a> diouzhtu en a-raok, a-benn kaout anezha\u00f1 kerkent ha ma vo embannet hag a-raok ma vefe kavet er stalio\u00f9-levrio\u00f9 memes !<\/strong><\/p>\n<p><img decoding=\"async\" class=\"alignnone size-medium wp-image-4379\" src=\"http:\/\/www.anjela.org\/oberenn\/wp-content\/uploads\/2017\/03\/golo-Anjela-300x218.png\" alt=\"\" width=\"300\" height=\"218\" srcset=\"https:\/\/www.anjela.org\/oberenn\/wp-content\/uploads\/2017\/03\/golo-Anjela-300x218.png 300w, https:\/\/www.anjela.org\/oberenn\/wp-content\/uploads\/2017\/03\/golo-Anjela.png 590w\" sizes=\"(max-width: 300px) 100vw, 300px\" \/><\/p>\n","protected":false},"excerpt":{"rendered":"<p>1998-2018&nbsp;: 20 vloaz eo Mignoned Anjela ! Gwarezi\u00f1, skigna\u00f1 ha bruda\u00f1 oberenn Anjela Duval (1905-1981) eo pal penna\u00f1 ar gevredigezh Mignoned Anjela, [&hellip;]<\/p>\n","protected":false},"author":1,"featured_media":0,"parent":0,"menu_order":0,"comment_status":"closed","ping_status":"closed","template":"","meta":{"_acf_changed":false,"ngg_post_thumbnail":0,"footnotes":""},"class_list":["post-221","page","type-page","status-publish","hentry"],"acf":[],"yoast_head":"<!-- This site is optimized with the Yoast SEO plugin v27.5 - https:\/\/yoast.com\/product\/yoast-seo-wordpress\/ -->\n<title>Kinnig - Anjela Duval<\/title>\n<meta name=\"robots\" content=\"index, follow, max-snippet:-1, max-image-preview:large, max-video-preview:-1\" \/>\n<link rel=\"canonical\" href=\"https:\/\/www.anjela.org\/oberenn\/bz\/kinnig\/\" \/>\n<meta property=\"og:locale\" content=\"fr_FR\" \/>\n<meta property=\"og:type\" content=\"article\" \/>\n<meta property=\"og:title\" content=\"Kinnig - Anjela Duval\" \/>\n<meta property=\"og:description\" content=\"1998-2018&nbsp;: 20 vloaz eo Mignoned Anjela ! Gwarezi\u00f1, skigna\u00f1 ha bruda\u00f1 oberenn Anjela Duval (1905-1981) eo pal penna\u00f1 ar gevredigezh Mignoned Anjela, [&hellip;]\" \/>\n<meta property=\"og:url\" content=\"https:\/\/www.anjela.org\/oberenn\/bz\/kinnig\/\" \/>\n<meta property=\"og:site_name\" content=\"Anjela Duval\" \/>\n<meta property=\"article:modified_time\" content=\"2025-08-13T13:23:04+00:00\" \/>\n<meta property=\"og:image\" content=\"https:\/\/www.anjela.org\/oberenn\/wp-content\/uploads\/2018\/06\/thumb-oberenn-glok.png\" \/>\n\t<meta property=\"og:image:width\" content=\"1772\" \/>\n\t<meta property=\"og:image:height\" content=\"1548\" \/>\n\t<meta property=\"og:image:type\" content=\"image\/png\" \/>\n<meta name=\"twitter:card\" content=\"summary_large_image\" \/>\n<meta name=\"twitter:label1\" content=\"Dur\u00e9e de lecture estim\u00e9e\" \/>\n\t<meta name=\"twitter:data1\" content=\"2 minutes\" \/>\n<script type=\"application\/ld+json\" class=\"yoast-schema-graph\">{\"@context\":\"https:\\\/\\\/schema.org\",\"@graph\":[{\"@type\":\"WebPage\",\"@id\":\"https:\\\/\\\/www.anjela.org\\\/oberenn\\\/bz\\\/kinnig\\\/\",\"url\":\"https:\\\/\\\/www.anjela.org\\\/oberenn\\\/bz\\\/kinnig\\\/\",\"name\":\"Kinnig - Anjela Duval\",\"isPartOf\":{\"@id\":\"https:\\\/\\\/www.anjela.org\\\/oberenn\\\/#website\"},\"primaryImageOfPage\":{\"@id\":\"https:\\\/\\\/www.anjela.org\\\/oberenn\\\/bz\\\/kinnig\\\/#primaryimage\"},\"image\":{\"@id\":\"https:\\\/\\\/www.anjela.org\\\/oberenn\\\/bz\\\/kinnig\\\/#primaryimage\"},\"thumbnailUrl\":\"http:\\\/\\\/www.anjela.org\\\/oberenn\\\/wp-content\\\/uploads\\\/2018\\\/06\\\/thumb-oberenn-glok-300x262.png\",\"datePublished\":\"2017-03-11T14:26:08+00:00\",\"dateModified\":\"2025-08-13T13:23:04+00:00\",\"breadcrumb\":{\"@id\":\"https:\\\/\\\/www.anjela.org\\\/oberenn\\\/bz\\\/kinnig\\\/#breadcrumb\"},\"inLanguage\":\"fr-FR\",\"potentialAction\":[{\"@type\":\"ReadAction\",\"target\":[\"https:\\\/\\\/www.anjela.org\\\/oberenn\\\/bz\\\/kinnig\\\/\"]}]},{\"@type\":\"ImageObject\",\"inLanguage\":\"fr-FR\",\"@id\":\"https:\\\/\\\/www.anjela.org\\\/oberenn\\\/bz\\\/kinnig\\\/#primaryimage\",\"url\":\"https:\\\/\\\/www.anjela.org\\\/oberenn\\\/wp-content\\\/uploads\\\/2018\\\/06\\\/thumb-oberenn-glok.png\",\"contentUrl\":\"https:\\\/\\\/www.anjela.org\\\/oberenn\\\/wp-content\\\/uploads\\\/2018\\\/06\\\/thumb-oberenn-glok.png\",\"width\":1772,\"height\":1548,\"caption\":\"Oberenn glok Anjela Duval\"},{\"@type\":\"BreadcrumbList\",\"@id\":\"https:\\\/\\\/www.anjela.org\\\/oberenn\\\/bz\\\/kinnig\\\/#breadcrumb\",\"itemListElement\":[{\"@type\":\"ListItem\",\"position\":1,\"name\":\"Accueil\",\"item\":\"https:\\\/\\\/www.anjela.org\\\/oberenn\\\/\"},{\"@type\":\"ListItem\",\"position\":2,\"name\":\"Kinnig\"}]},{\"@type\":\"WebSite\",\"@id\":\"https:\\\/\\\/www.anjela.org\\\/oberenn\\\/#website\",\"url\":\"https:\\\/\\\/www.anjela.org\\\/oberenn\\\/\",\"name\":\"Anjela Duval\",\"description\":\"\",\"publisher\":{\"@id\":\"https:\\\/\\\/www.anjela.org\\\/oberenn\\\/#organization\"},\"potentialAction\":[{\"@type\":\"SearchAction\",\"target\":{\"@type\":\"EntryPoint\",\"urlTemplate\":\"https:\\\/\\\/www.anjela.org\\\/oberenn\\\/?s={search_term_string}\"},\"query-input\":{\"@type\":\"PropertyValueSpecification\",\"valueRequired\":true,\"valueName\":\"search_term_string\"}}],\"inLanguage\":\"fr-FR\"},{\"@type\":\"Organization\",\"@id\":\"https:\\\/\\\/www.anjela.org\\\/oberenn\\\/#organization\",\"name\":\"Mignoned Anjela\",\"url\":\"https:\\\/\\\/www.anjela.org\\\/oberenn\\\/\",\"logo\":{\"@type\":\"ImageObject\",\"inLanguage\":\"fr-FR\",\"@id\":\"https:\\\/\\\/www.anjela.org\\\/oberenn\\\/#\\\/schema\\\/logo\\\/image\\\/\",\"url\":\"https:\\\/\\\/www.anjela.org\\\/oberenn\\\/wp-content\\\/uploads\\\/2019\\\/11\\\/logo-mignoned-angela.png\",\"contentUrl\":\"https:\\\/\\\/www.anjela.org\\\/oberenn\\\/wp-content\\\/uploads\\\/2019\\\/11\\\/logo-mignoned-angela.png\",\"width\":248,\"height\":147,\"caption\":\"Mignoned Anjela\"},\"image\":{\"@id\":\"https:\\\/\\\/www.anjela.org\\\/oberenn\\\/#\\\/schema\\\/logo\\\/image\\\/\"}}]}<\/script>\n<!-- \/ Yoast SEO plugin. -->","yoast_head_json":{"title":"Kinnig - Anjela Duval","robots":{"index":"index","follow":"follow","max-snippet":"max-snippet:-1","max-image-preview":"max-image-preview:large","max-video-preview":"max-video-preview:-1"},"canonical":"https:\/\/www.anjela.org\/oberenn\/bz\/kinnig\/","og_locale":"fr_FR","og_type":"article","og_title":"Kinnig - Anjela Duval","og_description":"1998-2018&nbsp;: 20 vloaz eo Mignoned Anjela ! Gwarezi\u00f1, skigna\u00f1 ha bruda\u00f1 oberenn Anjela Duval (1905-1981) eo pal penna\u00f1 ar gevredigezh Mignoned Anjela, [&hellip;]","og_url":"https:\/\/www.anjela.org\/oberenn\/bz\/kinnig\/","og_site_name":"Anjela Duval","article_modified_time":"2025-08-13T13:23:04+00:00","og_image":[{"width":1772,"height":1548,"url":"https:\/\/www.anjela.org\/oberenn\/wp-content\/uploads\/2018\/06\/thumb-oberenn-glok.png","type":"image\/png"}],"twitter_card":"summary_large_image","twitter_misc":{"Dur\u00e9e de lecture estim\u00e9e":"2 minutes"},"schema":{"@context":"https:\/\/schema.org","@graph":[{"@type":"WebPage","@id":"https:\/\/www.anjela.org\/oberenn\/bz\/kinnig\/","url":"https:\/\/www.anjela.org\/oberenn\/bz\/kinnig\/","name":"Kinnig - Anjela Duval","isPartOf":{"@id":"https:\/\/www.anjela.org\/oberenn\/#website"},"primaryImageOfPage":{"@id":"https:\/\/www.anjela.org\/oberenn\/bz\/kinnig\/#primaryimage"},"image":{"@id":"https:\/\/www.anjela.org\/oberenn\/bz\/kinnig\/#primaryimage"},"thumbnailUrl":"http:\/\/www.anjela.org\/oberenn\/wp-content\/uploads\/2018\/06\/thumb-oberenn-glok-300x262.png","datePublished":"2017-03-11T14:26:08+00:00","dateModified":"2025-08-13T13:23:04+00:00","breadcrumb":{"@id":"https:\/\/www.anjela.org\/oberenn\/bz\/kinnig\/#breadcrumb"},"inLanguage":"fr-FR","potentialAction":[{"@type":"ReadAction","target":["https:\/\/www.anjela.org\/oberenn\/bz\/kinnig\/"]}]},{"@type":"ImageObject","inLanguage":"fr-FR","@id":"https:\/\/www.anjela.org\/oberenn\/bz\/kinnig\/#primaryimage","url":"https:\/\/www.anjela.org\/oberenn\/wp-content\/uploads\/2018\/06\/thumb-oberenn-glok.png","contentUrl":"https:\/\/www.anjela.org\/oberenn\/wp-content\/uploads\/2018\/06\/thumb-oberenn-glok.png","width":1772,"height":1548,"caption":"Oberenn glok Anjela Duval"},{"@type":"BreadcrumbList","@id":"https:\/\/www.anjela.org\/oberenn\/bz\/kinnig\/#breadcrumb","itemListElement":[{"@type":"ListItem","position":1,"name":"Accueil","item":"https:\/\/www.anjela.org\/oberenn\/"},{"@type":"ListItem","position":2,"name":"Kinnig"}]},{"@type":"WebSite","@id":"https:\/\/www.anjela.org\/oberenn\/#website","url":"https:\/\/www.anjela.org\/oberenn\/","name":"Anjela Duval","description":"","publisher":{"@id":"https:\/\/www.anjela.org\/oberenn\/#organization"},"potentialAction":[{"@type":"SearchAction","target":{"@type":"EntryPoint","urlTemplate":"https:\/\/www.anjela.org\/oberenn\/?s={search_term_string}"},"query-input":{"@type":"PropertyValueSpecification","valueRequired":true,"valueName":"search_term_string"}}],"inLanguage":"fr-FR"},{"@type":"Organization","@id":"https:\/\/www.anjela.org\/oberenn\/#organization","name":"Mignoned Anjela","url":"https:\/\/www.anjela.org\/oberenn\/","logo":{"@type":"ImageObject","inLanguage":"fr-FR","@id":"https:\/\/www.anjela.org\/oberenn\/#\/schema\/logo\/image\/","url":"https:\/\/www.anjela.org\/oberenn\/wp-content\/uploads\/2019\/11\/logo-mignoned-angela.png","contentUrl":"https:\/\/www.anjela.org\/oberenn\/wp-content\/uploads\/2019\/11\/logo-mignoned-angela.png","width":248,"height":147,"caption":"Mignoned Anjela"},"image":{"@id":"https:\/\/www.anjela.org\/oberenn\/#\/schema\/logo\/image\/"}}]}},"_links":{"self":[{"href":"https:\/\/www.anjela.org\/oberenn\/wp-json\/wp\/v2\/pages\/221","targetHints":{"allow":["GET"]}}],"collection":[{"href":"https:\/\/www.anjela.org\/oberenn\/wp-json\/wp\/v2\/pages"}],"about":[{"href":"https:\/\/www.anjela.org\/oberenn\/wp-json\/wp\/v2\/types\/page"}],"author":[{"embeddable":true,"href":"https:\/\/www.anjela.org\/oberenn\/wp-json\/wp\/v2\/users\/1"}],"replies":[{"embeddable":true,"href":"https:\/\/www.anjela.org\/oberenn\/wp-json\/wp\/v2\/comments?post=221"}],"version-history":[{"count":0,"href":"https:\/\/www.anjela.org\/oberenn\/wp-json\/wp\/v2\/pages\/221\/revisions"}],"wp:attachment":[{"href":"https:\/\/www.anjela.org\/oberenn\/wp-json\/wp\/v2\/media?parent=221"}],"curies":[{"name":"wp","href":"https:\/\/api.w.org\/{rel}","templated":true}]}}