{"id":2158,"date":"2017-10-12T17:52:29","date_gmt":"2017-10-12T15:52:29","guid":{"rendered":"http:\/\/www.anjela.org\/oberenn\/?page_id=2158"},"modified":"2025-08-13T15:20:32","modified_gmt":"2025-08-13T13:20:32","slug":"barzhonegou","status":"publish","type":"page","link":"https:\/\/www.anjela.org\/oberenn\/bz\/barzhonegou\/","title":{"rendered":"Barzhonego\u00f9"},"content":{"rendered":"<p>&nbsp;<\/p>\n<p><a href=\"http:\/\/www.anjela.org\/oberenn\/wp-content\/uploads\/2017\/10\/E\u0301TIQUETTE-03.png\" rel=\"lightbox-0\"><img fetchpriority=\"high\" decoding=\"async\" class=\"alignleft wp-image-4051\" src=\"http:\/\/www.anjela.org\/oberenn\/wp-content\/uploads\/2017\/10\/E\u0301TIQUETTE-03-79x300.png\" alt=\"\" width=\"135\" height=\"510\" srcset=\"https:\/\/www.anjela.org\/oberenn\/wp-content\/uploads\/2017\/10\/E\u0301TIQUETTE-03-271x1024.png 271w, https:\/\/www.anjela.org\/oberenn\/wp-content\/uploads\/2017\/10\/E\u0301TIQUETTE-03.png 369w\" sizes=\"(max-width: 135px) 100vw, 135px\" \/><\/a><\/p>\n<p>&nbsp;<\/p>\n<p>&nbsp;<\/p>\n<p>War <a href=\"http:\/\/www.anjela.org\/oberenn\/roll-ar-barzhonegou\/?lang=bz\"><strong>Roll ar barzhonego\u00f9<\/strong><\/a> ema\u00f1 displeget ar roll klok deus barzhonego\u00f9 Anjela Duval, bet embannet pa oa-hi bev-mat c&rsquo;hoazh pe war-lerc&rsquo;h ma oa aet da Anaon.<\/p>\n<p>Barzhoniezh a veze lennet gant Anjela, ha c&rsquo;hoarvezet e oa bet ganti tapet krog &lsquo;ba he c&rsquo;hreion bihan a-benn troi\u00f1 reo\u00f9 zo o doa plijet dezhi. Ar re-ma\u00f1 &lsquo;ni eo a vez kavet war <a href=\"http:\/\/www.anjela.org\/oberenn\/barzhonegou-troet-gant-anjela-duval\/?lang=bz\"><strong>Barzhonego\u00f9 troet gant Anjela Duval<\/strong><\/a><strong>,<\/strong> ha <a href=\"http:\/\/www.anjela.org\/oberenn\/notennou-ouzh-ar-barzhonegou-troet-gant-anjela-duval\/?lang=bz\"><strong>Notenno\u00f9 war an troidigezhio\u00f9-se<\/strong><\/a> da heul : ar mod ma oant bet kavet ganti, embannet war-lerc&rsquo;h, ha kement zo.<\/p>\n<p>Plijadur o lenn barzhonego\u00f9 o deus bet tud deus broio\u00f9 all. Kement ken o doa santet an ezhomm da droi\u00f1 reo\u00f9 zo en o yezho\u00f9 dezhe. E-mesk <strong>\u00ab&nbsp;Barzhonego\u00f9 troet e yezho\u00f9 all&nbsp;\u00bb<\/strong> e vo kavet an troidigezhio\u00f9-se : e <a href=\"http:\/\/www.anjela.org\/oberenn\/flandrezeg\/?lang=bz\">flandrezeg,<\/a> e <a href=\"http:\/\/www.anjela.org\/oberenn\/galiseg\/?lang=bz\">galiseg,<\/a> e <a href=\"http:\/\/www.anjela.org\/oberenn\/poemes-traduits-en-francais\/\">galleg<\/a>, e <a href=\"http:\/\/www.anjela.org\/oberenn\/gouezeleg-skos\/?lang=bz\">gouezeleg Skos,<\/a> e <a href=\"http:\/\/www.anjela.org\/oberenn\/kembraeg\/?lang=bz\">kembraeg,<\/a> e <a href=\"http:\/\/www.anjela.org\/oberenn\/poloneg\/?lang=bz\">poloneg,<\/a> e <a href=\"http:\/\/www.anjela.org\/oberenn\/poems\/?lang=en\">saozneg,<\/a>&nbsp; e <a href=\"http:\/\/www.anjela.org\/oberenn\/svedeg\/?lang=bz\">svedeg,<\/a> e <a href=\"http:\/\/www.anjela.org\/oberenn\/wp-content\/uploads\/2018\/09\/vietnameg-2-e1537957177680.png\" rel=\"lightbox-1\">vietnameg<\/a>\u2026<\/p>\n","protected":false},"excerpt":{"rendered":"<p>&nbsp; &nbsp; &nbsp; War Roll ar barzhonego\u00f9 ema\u00f1 displeget ar roll klok deus barzhonego\u00f9 Anjela Duval, bet embannet pa oa-hi bev-mat c&rsquo;hoazh [&hellip;]<\/p>\n","protected":false},"author":1,"featured_media":0,"parent":0,"menu_order":0,"comment_status":"closed","ping_status":"closed","template":"","meta":{"_acf_changed":false,"ngg_post_thumbnail":0,"footnotes":""},"class_list":["post-2158","page","type-page","status-publish","hentry"],"acf":[],"yoast_head":"<!-- This site is optimized with the Yoast SEO plugin v27.5 - https:\/\/yoast.com\/product\/yoast-seo-wordpress\/ -->\n<title>Barzhonego\u00f9 - Anjela Duval<\/title>\n<meta name=\"robots\" content=\"index, follow, max-snippet:-1, max-image-preview:large, max-video-preview:-1\" \/>\n<link rel=\"canonical\" href=\"https:\/\/www.anjela.org\/oberenn\/bz\/barzhonegou\/\" \/>\n<meta property=\"og:locale\" content=\"fr_FR\" \/>\n<meta property=\"og:type\" content=\"article\" \/>\n<meta property=\"og:title\" content=\"Barzhonego\u00f9 - Anjela Duval\" \/>\n<meta property=\"og:description\" content=\"&nbsp; &nbsp; &nbsp; War Roll ar barzhonego\u00f9 ema\u00f1 displeget ar roll klok deus barzhonego\u00f9 Anjela Duval, bet embannet pa oa-hi bev-mat c&rsquo;hoazh [&hellip;]\" \/>\n<meta property=\"og:url\" content=\"https:\/\/www.anjela.org\/oberenn\/bz\/barzhonegou\/\" \/>\n<meta property=\"og:site_name\" content=\"Anjela Duval\" \/>\n<meta property=\"article:modified_time\" content=\"2025-08-13T13:20:32+00:00\" \/>\n<meta name=\"twitter:card\" content=\"summary_large_image\" \/>\n<meta name=\"twitter:label1\" content=\"Dur\u00e9e de lecture estim\u00e9e\" \/>\n\t<meta name=\"twitter:data1\" content=\"1 minute\" \/>\n<script type=\"application\/ld+json\" class=\"yoast-schema-graph\">{\"@context\":\"https:\\\/\\\/schema.org\",\"@graph\":[{\"@type\":\"WebPage\",\"@id\":\"https:\\\/\\\/www.anjela.org\\\/oberenn\\\/bz\\\/barzhonegou\\\/\",\"url\":\"https:\\\/\\\/www.anjela.org\\\/oberenn\\\/bz\\\/barzhonegou\\\/\",\"name\":\"Barzhonego\u00f9 - Anjela Duval\",\"isPartOf\":{\"@id\":\"https:\\\/\\\/www.anjela.org\\\/oberenn\\\/#website\"},\"datePublished\":\"2017-10-12T15:52:29+00:00\",\"dateModified\":\"2025-08-13T13:20:32+00:00\",\"breadcrumb\":{\"@id\":\"https:\\\/\\\/www.anjela.org\\\/oberenn\\\/bz\\\/barzhonegou\\\/#breadcrumb\"},\"inLanguage\":\"fr-FR\",\"potentialAction\":[{\"@type\":\"ReadAction\",\"target\":[\"https:\\\/\\\/www.anjela.org\\\/oberenn\\\/bz\\\/barzhonegou\\\/\"]}]},{\"@type\":\"BreadcrumbList\",\"@id\":\"https:\\\/\\\/www.anjela.org\\\/oberenn\\\/bz\\\/barzhonegou\\\/#breadcrumb\",\"itemListElement\":[{\"@type\":\"ListItem\",\"position\":1,\"name\":\"Accueil\",\"item\":\"https:\\\/\\\/www.anjela.org\\\/oberenn\\\/\"},{\"@type\":\"ListItem\",\"position\":2,\"name\":\"Barzhonego\u00f9\"}]},{\"@type\":\"WebSite\",\"@id\":\"https:\\\/\\\/www.anjela.org\\\/oberenn\\\/#website\",\"url\":\"https:\\\/\\\/www.anjela.org\\\/oberenn\\\/\",\"name\":\"Anjela Duval\",\"description\":\"\",\"publisher\":{\"@id\":\"https:\\\/\\\/www.anjela.org\\\/oberenn\\\/#organization\"},\"potentialAction\":[{\"@type\":\"SearchAction\",\"target\":{\"@type\":\"EntryPoint\",\"urlTemplate\":\"https:\\\/\\\/www.anjela.org\\\/oberenn\\\/?s={search_term_string}\"},\"query-input\":{\"@type\":\"PropertyValueSpecification\",\"valueRequired\":true,\"valueName\":\"search_term_string\"}}],\"inLanguage\":\"fr-FR\"},{\"@type\":\"Organization\",\"@id\":\"https:\\\/\\\/www.anjela.org\\\/oberenn\\\/#organization\",\"name\":\"Mignoned Anjela\",\"url\":\"https:\\\/\\\/www.anjela.org\\\/oberenn\\\/\",\"logo\":{\"@type\":\"ImageObject\",\"inLanguage\":\"fr-FR\",\"@id\":\"https:\\\/\\\/www.anjela.org\\\/oberenn\\\/#\\\/schema\\\/logo\\\/image\\\/\",\"url\":\"https:\\\/\\\/www.anjela.org\\\/oberenn\\\/wp-content\\\/uploads\\\/2019\\\/11\\\/logo-mignoned-angela.png\",\"contentUrl\":\"https:\\\/\\\/www.anjela.org\\\/oberenn\\\/wp-content\\\/uploads\\\/2019\\\/11\\\/logo-mignoned-angela.png\",\"width\":248,\"height\":147,\"caption\":\"Mignoned Anjela\"},\"image\":{\"@id\":\"https:\\\/\\\/www.anjela.org\\\/oberenn\\\/#\\\/schema\\\/logo\\\/image\\\/\"}}]}<\/script>\n<!-- \/ Yoast SEO plugin. -->","yoast_head_json":{"title":"Barzhonego\u00f9 - Anjela Duval","robots":{"index":"index","follow":"follow","max-snippet":"max-snippet:-1","max-image-preview":"max-image-preview:large","max-video-preview":"max-video-preview:-1"},"canonical":"https:\/\/www.anjela.org\/oberenn\/bz\/barzhonegou\/","og_locale":"fr_FR","og_type":"article","og_title":"Barzhonego\u00f9 - Anjela Duval","og_description":"&nbsp; &nbsp; &nbsp; War Roll ar barzhonego\u00f9 ema\u00f1 displeget ar roll klok deus barzhonego\u00f9 Anjela Duval, bet embannet pa oa-hi bev-mat c&rsquo;hoazh [&hellip;]","og_url":"https:\/\/www.anjela.org\/oberenn\/bz\/barzhonegou\/","og_site_name":"Anjela Duval","article_modified_time":"2025-08-13T13:20:32+00:00","twitter_card":"summary_large_image","twitter_misc":{"Dur\u00e9e de lecture estim\u00e9e":"1 minute"},"schema":{"@context":"https:\/\/schema.org","@graph":[{"@type":"WebPage","@id":"https:\/\/www.anjela.org\/oberenn\/bz\/barzhonegou\/","url":"https:\/\/www.anjela.org\/oberenn\/bz\/barzhonegou\/","name":"Barzhonego\u00f9 - Anjela Duval","isPartOf":{"@id":"https:\/\/www.anjela.org\/oberenn\/#website"},"datePublished":"2017-10-12T15:52:29+00:00","dateModified":"2025-08-13T13:20:32+00:00","breadcrumb":{"@id":"https:\/\/www.anjela.org\/oberenn\/bz\/barzhonegou\/#breadcrumb"},"inLanguage":"fr-FR","potentialAction":[{"@type":"ReadAction","target":["https:\/\/www.anjela.org\/oberenn\/bz\/barzhonegou\/"]}]},{"@type":"BreadcrumbList","@id":"https:\/\/www.anjela.org\/oberenn\/bz\/barzhonegou\/#breadcrumb","itemListElement":[{"@type":"ListItem","position":1,"name":"Accueil","item":"https:\/\/www.anjela.org\/oberenn\/"},{"@type":"ListItem","position":2,"name":"Barzhonego\u00f9"}]},{"@type":"WebSite","@id":"https:\/\/www.anjela.org\/oberenn\/#website","url":"https:\/\/www.anjela.org\/oberenn\/","name":"Anjela Duval","description":"","publisher":{"@id":"https:\/\/www.anjela.org\/oberenn\/#organization"},"potentialAction":[{"@type":"SearchAction","target":{"@type":"EntryPoint","urlTemplate":"https:\/\/www.anjela.org\/oberenn\/?s={search_term_string}"},"query-input":{"@type":"PropertyValueSpecification","valueRequired":true,"valueName":"search_term_string"}}],"inLanguage":"fr-FR"},{"@type":"Organization","@id":"https:\/\/www.anjela.org\/oberenn\/#organization","name":"Mignoned Anjela","url":"https:\/\/www.anjela.org\/oberenn\/","logo":{"@type":"ImageObject","inLanguage":"fr-FR","@id":"https:\/\/www.anjela.org\/oberenn\/#\/schema\/logo\/image\/","url":"https:\/\/www.anjela.org\/oberenn\/wp-content\/uploads\/2019\/11\/logo-mignoned-angela.png","contentUrl":"https:\/\/www.anjela.org\/oberenn\/wp-content\/uploads\/2019\/11\/logo-mignoned-angela.png","width":248,"height":147,"caption":"Mignoned Anjela"},"image":{"@id":"https:\/\/www.anjela.org\/oberenn\/#\/schema\/logo\/image\/"}}]}},"_links":{"self":[{"href":"https:\/\/www.anjela.org\/oberenn\/wp-json\/wp\/v2\/pages\/2158","targetHints":{"allow":["GET"]}}],"collection":[{"href":"https:\/\/www.anjela.org\/oberenn\/wp-json\/wp\/v2\/pages"}],"about":[{"href":"https:\/\/www.anjela.org\/oberenn\/wp-json\/wp\/v2\/types\/page"}],"author":[{"embeddable":true,"href":"https:\/\/www.anjela.org\/oberenn\/wp-json\/wp\/v2\/users\/1"}],"replies":[{"embeddable":true,"href":"https:\/\/www.anjela.org\/oberenn\/wp-json\/wp\/v2\/comments?post=2158"}],"version-history":[{"count":0,"href":"https:\/\/www.anjela.org\/oberenn\/wp-json\/wp\/v2\/pages\/2158\/revisions"}],"wp:attachment":[{"href":"https:\/\/www.anjela.org\/oberenn\/wp-json\/wp\/v2\/media?parent=2158"}],"curies":[{"name":"wp","href":"https:\/\/api.w.org\/{rel}","templated":true}]}}